Last updated on 2022-08-15 08:49:57 CEST.
Flavor | Version | Tinstall | Tcheck | Ttotal | Status | Flags |
---|---|---|---|---|---|---|
r-devel-linux-x86_64-debian-clang | 2.2.3 | 11.61 | 96.01 | 107.62 | OK | |
r-devel-linux-x86_64-debian-gcc | 2.2.3 | 8.88 | 70.61 | 79.49 | OK | |
r-devel-linux-x86_64-fedora-clang | 2.2.3 | 136.74 | OK | |||
r-devel-linux-x86_64-fedora-gcc | 2.2.3 | 132.25 | OK | |||
r-devel-windows-x86_64 | 2.2.3 | 22.00 | 111.00 | 133.00 | WARN | |
r-patched-linux-x86_64 | 2.2.3 | 10.86 | 88.79 | 99.65 | OK | |
r-release-linux-x86_64 | 2.2.3 | 9.78 | 89.92 | 99.70 | OK | |
r-release-macos-arm64 | 2.2.3 | 33.00 | OK | |||
r-release-macos-x86_64 | 2.2.3 | 73.00 | OK | |||
r-release-windows-x86_64 | 2.2.3 | 19.00 | 112.00 | 131.00 | WARN | |
r-oldrel-macos-arm64 | 2.2.3 | 45.00 | OK | |||
r-oldrel-macos-x86_64 | 2.2.3 | 47.00 | OK | |||
r-oldrel-windows-ix86+x86_64 | 2.2.3 | 25.00 | 109.00 | 134.00 | OK |
Version: 2.2.3
Check: R files for syntax errors
Result: WARN
Warnings in file 'R/utils.R':
unable to translate '<U+00E9>' to native encoding
unable to translate '<U+00F6>' to native encoding
unable to translate '<U+00F8>' to native encoding
unable to translate '<U+2019>' to native encoding
Flavors: r-devel-windows-x86_64, r-release-windows-x86_64