Last updated on 2022-08-15 08:49:57 CEST.
Flavor | Version | Tinstall | Tcheck | Ttotal | Status | Flags |
---|---|---|---|---|---|---|
r-devel-linux-x86_64-debian-clang | 1.9-2 | 24.63 | 153.02 | 177.65 | OK | |
r-devel-linux-x86_64-debian-gcc | 1.9-2 | 20.37 | 112.42 | 132.79 | OK | |
r-devel-linux-x86_64-fedora-clang | 1.9-2 | 228.37 | NOTE | |||
r-devel-linux-x86_64-fedora-gcc | 1.9-2 | 229.23 | OK | |||
r-devel-windows-x86_64 | 1.9-2 | 64.00 | 163.00 | 227.00 | OK | |
r-patched-linux-x86_64 | 1.9-2 | 36.31 | 165.03 | 201.34 | OK | |
r-release-linux-x86_64 | 1.9-2 | 32.48 | 164.63 | 197.11 | OK | |
r-release-macos-arm64 | 1.9-2 | 101.00 | OK | |||
r-release-macos-x86_64 | 1.9-2 | 164.00 | OK | |||
r-release-windows-x86_64 | 1.9-2 | 71.00 | 160.00 | 231.00 | OK | |
r-oldrel-macos-arm64 | 1.9-2 | 93.00 | OK | |||
r-oldrel-macos-x86_64 | 1.9-2 | 159.00 | OK | |||
r-oldrel-windows-ix86+x86_64 | 1.9-2 | 47.00 | 206.00 | 253.00 | OK |
Version: 1.9-2
Check: Rd cross-references
Result: NOTE
Undeclared package ‘car’ in Rd xrefs
Flavor: r-devel-linux-x86_64-fedora-clang