Last updated on 2022-08-15 08:49:57 CEST.
Flavor | Version | Tinstall | Tcheck | Ttotal | Status | Flags |
---|---|---|---|---|---|---|
r-devel-linux-x86_64-debian-clang | 0.2.2 | 146.17 | 798.07 | 944.24 | OK | |
r-devel-linux-x86_64-debian-gcc | 0.2.2 | 119.88 | 542.20 | 662.08 | OK | |
r-devel-linux-x86_64-fedora-clang | 0.2.2 | 1120.19 | NOTE | |||
r-devel-linux-x86_64-fedora-gcc | 0.2.2 | 1155.40 | OK | |||
r-devel-windows-x86_64 | 0.2.2 | 183.00 | 870.00 | 1053.00 | NOTE | |
r-patched-linux-x86_64 | 0.2.2 | 120.27 | 709.17 | 829.44 | OK | |
r-release-linux-x86_64 | 0.2.2 | 107.90 | 707.14 | 815.04 | OK | |
r-release-macos-arm64 | 0.2.2 | 226.00 | NOTE | |||
r-release-macos-x86_64 | 0.2.2 | 388.00 | NOTE | |||
r-release-windows-x86_64 | 0.2.2 | 184.00 | 869.00 | 1053.00 | NOTE | |
r-oldrel-macos-arm64 | 0.2.2 | 202.00 | NOTE | |||
r-oldrel-macos-x86_64 | 0.2.2 | 400.00 | NOTE | |||
r-oldrel-windows-ix86+x86_64 | 0.2.2 | 335.00 | 1205.00 | 1540.00 | NOTE |
Version: 0.2.2
Check: installed package size
Result: NOTE
installed size is 5.8Mb
sub-directories of 1Mb or more:
data 2.3Mb
doc 1.9Mb
Flavors: r-devel-linux-x86_64-fedora-clang, r-devel-windows-x86_64, r-release-macos-arm64, r-release-macos-x86_64, r-release-windows-x86_64, r-oldrel-macos-arm64, r-oldrel-macos-x86_64, r-oldrel-windows-ix86+x86_64