Last updated on 2022-08-15 08:49:57 CEST.
Flavor | Version | Tinstall | Tcheck | Ttotal | Status | Flags |
---|---|---|---|---|---|---|
r-devel-linux-x86_64-debian-clang | 0.2.0 | 9.27 | 320.18 | 329.45 | OK | |
r-devel-linux-x86_64-debian-gcc | 0.2.0 | 8.48 | 226.32 | 234.80 | OK | |
r-devel-linux-x86_64-fedora-clang | 0.2.0 | 367.91 | NOTE | |||
r-devel-linux-x86_64-fedora-gcc | 0.2.0 | 368.40 | NOTE | |||
r-devel-windows-x86_64 | 0.2.0 | 83.00 | 330.00 | 413.00 | OK | |
r-patched-linux-x86_64 | 0.2.0 | 10.67 | 288.16 | 298.83 | OK | |
r-release-linux-x86_64 | 0.2.0 | 9.56 | 291.12 | 300.68 | OK | |
r-release-macos-arm64 | 0.2.0 | 99.00 | NOTE | |||
r-release-macos-x86_64 | 0.2.0 | 194.00 | NOTE | |||
r-release-windows-x86_64 | 0.2.0 | 69.00 | 329.00 | 398.00 | OK | |
r-oldrel-macos-arm64 | 0.2.0 | 153.00 | NOTE | |||
r-oldrel-macos-x86_64 | 0.2.0 | 187.00 | NOTE | |||
r-oldrel-windows-ix86+x86_64 | 0.2.0 | 24.00 | 325.00 | 349.00 | OK |
Version: 0.2.0
Check: dependencies in R code
Result: NOTE
Namespace in Imports field not imported from: ‘sf’
All declared Imports should be used.
Flavors: r-devel-linux-x86_64-fedora-clang, r-devel-linux-x86_64-fedora-gcc, r-release-macos-arm64, r-release-macos-x86_64, r-oldrel-macos-arm64, r-oldrel-macos-x86_64
Version: 0.2.0
Check: data for non-ASCII characters
Result: NOTE
Note: found 646 marked UTF-8 strings
Flavors: r-devel-linux-x86_64-fedora-clang, r-devel-linux-x86_64-fedora-gcc, r-release-macos-arm64, r-release-macos-x86_64, r-oldrel-macos-arm64, r-oldrel-macos-x86_64