Last updated on 2022-08-15 08:49:57 CEST.
Flavor | Version | Tinstall | Tcheck | Ttotal | Status | Flags |
---|---|---|---|---|---|---|
r-devel-linux-x86_64-debian-clang | 2.1.0 | 68.65 | 183.56 | 252.21 | OK | |
r-devel-linux-x86_64-debian-gcc | 2.1.0 | 48.70 | 134.41 | 183.11 | OK | |
r-devel-linux-x86_64-fedora-clang | 2.1.0 | 323.47 | NOTE | |||
r-devel-linux-x86_64-fedora-gcc | 2.1.0 | 300.54 | NOTE | |||
r-devel-windows-x86_64 | 2.1.0 | 91.00 | 242.00 | 333.00 | OK | |
r-patched-linux-x86_64 | 2.1.0 | 54.98 | 166.83 | 221.81 | OK | |
r-release-linux-x86_64 | 2.1.0 | 40.13 | 168.23 | 208.36 | OK | |
r-release-macos-arm64 | 2.1.0 | 88.00 | NOTE | |||
r-release-macos-x86_64 | 2.1.0 | 115.00 | NOTE | |||
r-release-windows-x86_64 | 2.1.0 | 114.00 | 240.00 | 354.00 | OK | |
r-oldrel-macos-arm64 | 2.1.0 | 82.00 | NOTE | |||
r-oldrel-macos-x86_64 | 2.1.0 | 113.00 | NOTE | |||
r-oldrel-windows-ix86+x86_64 | 2.1.0 | 156.00 | 324.00 | 480.00 | OK |
Version: 2.1.0
Check: dependencies in R code
Result: NOTE
Namespace in Imports field not imported from: ‘Rcpp’
All declared Imports should be used.
Flavors: r-devel-linux-x86_64-fedora-clang, r-devel-linux-x86_64-fedora-gcc, r-release-macos-arm64, r-release-macos-x86_64, r-oldrel-macos-arm64, r-oldrel-macos-x86_64