Last updated on 2022-08-15 08:49:57 CEST.
Flavor | Version | Tinstall | Tcheck | Ttotal | Status | Flags |
---|---|---|---|---|---|---|
r-devel-linux-x86_64-debian-clang | 0.4.1 | 5.38 | 84.29 | 89.67 | OK | |
r-devel-linux-x86_64-debian-gcc | 0.4.1 | 4.76 | 62.15 | 66.91 | OK | |
r-devel-linux-x86_64-fedora-clang | 0.4.1 | 112.46 | NOTE | |||
r-devel-linux-x86_64-fedora-gcc | 0.4.1 | 109.64 | OK | |||
r-devel-windows-x86_64 | 0.4.1 | 12.00 | 103.00 | 115.00 | OK | |
r-patched-linux-x86_64 | 0.4.1 | 8.11 | 77.02 | 85.13 | OK | |
r-release-linux-x86_64 | 0.4.1 | 5.12 | 79.70 | 84.82 | OK | |
r-release-macos-arm64 | 0.4.1 | 29.00 | OK | |||
r-release-macos-x86_64 | 0.4.1 | 43.00 | OK | |||
r-release-windows-x86_64 | 0.4.1 | 16.00 | 99.00 | 115.00 | OK | |
r-oldrel-macos-arm64 | 0.4.1 | 41.00 | OK | |||
r-oldrel-macos-x86_64 | 0.4.1 | 42.00 | OK | |||
r-oldrel-windows-ix86+x86_64 | 0.4.1 | 20.00 | 103.00 | 123.00 | OK |
Version: 0.4.1
Check: Rd cross-references
Result: NOTE
Undeclared package ‘ggmap’ in Rd xrefs
Flavor: r-devel-linux-x86_64-fedora-clang