Last updated on 2022-08-15 08:49:57 CEST.
Flavor | Version | Tinstall | Tcheck | Ttotal | Status | Flags |
---|---|---|---|---|---|---|
r-devel-linux-x86_64-debian-clang | 0.1.1 | 2.80 | 37.74 | 40.54 | NOTE | |
r-devel-linux-x86_64-debian-gcc | 0.1.1 | 1.98 | 29.11 | 31.09 | NOTE | |
r-devel-linux-x86_64-fedora-clang | 0.1.1 | 58.76 | NOTE | |||
r-devel-linux-x86_64-fedora-gcc | 0.1.1 | 57.48 | NOTE | |||
r-devel-windows-x86_64 | 0.1.1 | 10.00 | 64.00 | 74.00 | NOTE | |
r-patched-linux-x86_64 | 0.1.1 | 2.39 | 36.12 | 38.51 | NOTE | |
r-release-linux-x86_64 | 0.1.1 | 1.95 | 37.60 | 39.55 | NOTE | |
r-release-macos-arm64 | 0.1.1 | 18.00 | NOTE | |||
r-release-macos-x86_64 | 0.1.1 | 27.00 | NOTE | |||
r-release-windows-x86_64 | 0.1.1 | 9.00 | 64.00 | 73.00 | NOTE | |
r-oldrel-macos-arm64 | 0.1.1 | 20.00 | NOTE | |||
r-oldrel-macos-x86_64 | 0.1.1 | 31.00 | NOTE | |||
r-oldrel-windows-ix86+x86_64 | 0.1.1 | 6.00 | 52.00 | 58.00 | NOTE |
Version: 0.1.1
Check: LazyData
Result: NOTE
'LazyData' is specified without a 'data' directory
Flavors: r-devel-linux-x86_64-debian-clang, r-devel-linux-x86_64-debian-gcc, r-devel-linux-x86_64-fedora-clang, r-devel-linux-x86_64-fedora-gcc, r-devel-windows-x86_64, r-patched-linux-x86_64, r-release-linux-x86_64, r-release-macos-arm64, r-release-macos-x86_64, r-release-windows-x86_64, r-oldrel-macos-arm64, r-oldrel-macos-x86_64, r-oldrel-windows-ix86+x86_64