Last updated on 2022-08-15 08:49:57 CEST.
Flavor | Version | Tinstall | Tcheck | Ttotal | Status | Flags |
---|---|---|---|---|---|---|
r-devel-linux-x86_64-debian-clang | 0.3.1 | 8.54 | 66.33 | 74.87 | NOTE | |
r-devel-linux-x86_64-debian-gcc | 0.3.1 | 4.77 | 48.29 | 53.06 | NOTE | |
r-devel-linux-x86_64-fedora-clang | 0.3.1 | 96.15 | NOTE | |||
r-devel-linux-x86_64-fedora-gcc | 0.3.1 | 92.87 | NOTE | |||
r-devel-windows-x86_64 | 0.3.1 | 16.00 | 89.00 | 105.00 | NOTE | |
r-patched-linux-x86_64 | 0.3.1 | 8.47 | 61.11 | 69.58 | NOTE | |
r-release-linux-x86_64 | 0.3.1 | 5.25 | 62.87 | 68.12 | NOTE | |
r-release-macos-arm64 | 0.3.1 | 29.00 | NOTE | |||
r-release-macos-x86_64 | 0.3.1 | 53.00 | NOTE | |||
r-release-windows-x86_64 | 0.3.1 | 15.00 | 91.00 | 106.00 | NOTE | |
r-oldrel-macos-arm64 | 0.3.1 | 34.00 | NOTE | |||
r-oldrel-macos-x86_64 | 0.3.1 | 45.00 | NOTE | |||
r-oldrel-windows-ix86+x86_64 | 0.3.1 | 18.00 | 89.00 | 107.00 | NOTE |
Version: 0.3.1
Check: LazyData
Result: NOTE
'LazyData' is specified without a 'data' directory
Flavors: r-devel-linux-x86_64-debian-clang, r-devel-linux-x86_64-debian-gcc, r-devel-linux-x86_64-fedora-clang, r-devel-linux-x86_64-fedora-gcc, r-devel-windows-x86_64, r-patched-linux-x86_64, r-release-linux-x86_64, r-release-macos-arm64, r-release-macos-x86_64, r-release-windows-x86_64, r-oldrel-macos-arm64, r-oldrel-macos-x86_64, r-oldrel-windows-ix86+x86_64
Version: 0.3.1
Check: dependencies in R code
Result: NOTE
Namespace in Imports field not imported from: ‘dbplyr’
All declared Imports should be used.
Flavors: r-devel-linux-x86_64-fedora-clang, r-devel-linux-x86_64-fedora-gcc, r-release-macos-arm64, r-release-macos-x86_64, r-oldrel-macos-arm64, r-oldrel-macos-x86_64