Last updated on 2022-08-15 08:49:57 CEST.
Flavor | Version | Tinstall | Tcheck | Ttotal | Status | Flags |
---|---|---|---|---|---|---|
r-devel-linux-x86_64-debian-clang | 1.7.0 | 9.26 | 38.99 | 48.25 | OK | |
r-devel-linux-x86_64-debian-gcc | 1.7.0 | 6.97 | 29.10 | 36.07 | OK | |
r-devel-linux-x86_64-fedora-clang | 1.7.0 | 68.16 | OK | |||
r-devel-linux-x86_64-fedora-gcc | 1.7.0 | 66.14 | OK | |||
r-devel-windows-x86_64 | 1.7.0 | 40.00 | 107.00 | 147.00 | OK | |
r-patched-linux-x86_64 | 1.7.0 | 7.75 | 35.94 | 43.69 | OK | |
r-release-linux-x86_64 | 1.7.0 | 7.98 | 35.77 | 43.75 | OK | |
r-release-macos-arm64 | 1.7.0 | 28.00 | OK | |||
r-release-macos-x86_64 | 1.7.0 | 40.00 | OK | |||
r-release-windows-x86_64 | 1.7.0 | 43.00 | 101.00 | 144.00 | OK | |
r-oldrel-macos-arm64 | 1.7.0 | 29.00 | OK | |||
r-oldrel-macos-x86_64 | 1.7.0 | 39.00 | OK | |||
r-oldrel-windows-ix86+x86_64 | 1.7.0 | 38.00 | 93.00 | 131.00 | NOTE |
Version: 1.7.0
Check: installed package size
Result: NOTE
installed size is 9.6Mb
sub-directories of 1Mb or more:
libs 9.3Mb
Flavor: r-oldrel-windows-ix86+x86_64