Last updated on 2022-08-15 08:49:57 CEST.
Flavor | Version | Tinstall | Tcheck | Ttotal | Status | Flags |
---|---|---|---|---|---|---|
r-devel-linux-x86_64-debian-clang | 0.2.0 | 7.30 | 93.54 | 100.84 | OK | |
r-devel-linux-x86_64-debian-gcc | 0.2.0 | 6.40 | 69.49 | 75.89 | OK | |
r-devel-linux-x86_64-fedora-clang | 0.2.0 | 130.84 | NOTE | |||
r-devel-linux-x86_64-fedora-gcc | 0.2.0 | 122.65 | NOTE | |||
r-devel-windows-x86_64 | 0.2.0 | 15.00 | 122.00 | 137.00 | OK | |
r-patched-linux-x86_64 | 0.2.0 | 8.20 | 85.48 | 93.68 | OK | |
r-release-linux-x86_64 | 0.2.0 | 6.64 | 86.88 | 93.52 | OK | |
r-release-macos-arm64 | 0.2.0 | 34.00 | NOTE | |||
r-release-macos-x86_64 | 0.2.0 | 73.00 | NOTE | |||
r-release-windows-x86_64 | 0.2.0 | 33.00 | 118.00 | 151.00 | OK | |
r-oldrel-macos-arm64 | 0.2.0 | 35.00 | NOTE | |||
r-oldrel-macos-x86_64 | 0.2.0 | 50.00 | NOTE | |||
r-oldrel-windows-ix86+x86_64 | 0.2.0 | 17.00 | 111.00 | 128.00 | OK |
Version: 0.2.0
Check: dependencies in R code
Result: NOTE
Namespaces in Imports field not imported from:
‘pipeR’ ‘rlang’
All declared Imports should be used.
Flavors: r-devel-linux-x86_64-fedora-clang, r-devel-linux-x86_64-fedora-gcc, r-release-macos-arm64, r-release-macos-x86_64, r-oldrel-macos-arm64, r-oldrel-macos-x86_64