Last updated on 2022-08-15 08:49:57 CEST.
Flavor | Version | Tinstall | Tcheck | Ttotal | Status | Flags |
---|---|---|---|---|---|---|
r-devel-linux-x86_64-debian-clang | 1.20.3 | 2.50 | 25.40 | 27.90 | NOTE | |
r-devel-linux-x86_64-debian-gcc | 1.20.3 | 1.71 | 19.13 | 20.84 | NOTE | |
r-devel-linux-x86_64-fedora-clang | 1.20.3 | 44.92 | NOTE | |||
r-devel-linux-x86_64-fedora-gcc | 1.20.3 | 43.25 | NOTE | |||
r-devel-windows-x86_64 | 1.20.3 | 9.00 | 51.00 | 60.00 | NOTE | |
r-patched-linux-x86_64 | 1.20.3 | 2.24 | 23.89 | 26.13 | OK | |
r-release-linux-x86_64 | 1.20.3 | 2.06 | 24.30 | 26.36 | OK | |
r-release-macos-arm64 | 1.20.3 | 17.00 | OK | |||
r-release-macos-x86_64 | 1.20.3 | 21.00 | OK | |||
r-release-windows-x86_64 | 1.20.3 | 10.00 | 49.00 | 59.00 | OK | |
r-oldrel-macos-arm64 | 1.20.3 | 18.00 | OK | |||
r-oldrel-macos-x86_64 | 1.20.3 | 24.00 | OK | |||
r-oldrel-windows-ix86+x86_64 | 1.20.3 | 6.00 | 39.00 | 45.00 | OK |
Version: 1.20.3
Check: Rd files
Result: NOTE
checkRd: (-1) getopt.Rd:60: Escaped LaTeX specials: \#
Flavors: r-devel-linux-x86_64-debian-clang, r-devel-linux-x86_64-debian-gcc, r-devel-linux-x86_64-fedora-clang, r-devel-linux-x86_64-fedora-gcc, r-devel-windows-x86_64