Last updated on 2022-08-15 08:49:57 CEST.
Flavor | Version | Tinstall | Tcheck | Ttotal | Status | Flags |
---|---|---|---|---|---|---|
r-devel-linux-x86_64-debian-clang | 0.9.0 | 1.95 | 26.37 | 28.32 | OK | |
r-devel-linux-x86_64-debian-gcc | 0.9.0 | 1.66 | 20.19 | 21.85 | OK | |
r-devel-linux-x86_64-fedora-clang | 0.9.0 | 44.65 | OK | |||
r-devel-linux-x86_64-fedora-gcc | 0.9.0 | 43.67 | OK | |||
r-devel-windows-x86_64 | 0.9.0 | 12.00 | 63.00 | 75.00 | OK | |
r-patched-linux-x86_64 | 0.9.0 | 1.93 | 25.58 | 27.51 | OK | |
r-release-linux-x86_64 | 0.9.0 | 1.63 | 25.33 | 26.96 | OK | |
r-release-macos-arm64 | 0.9.0 | 32.00 | OK | |||
r-release-macos-x86_64 | 0.9.0 | 54.00 | OK | |||
r-release-windows-x86_64 | 0.9.0 | 9.00 | 61.00 | 70.00 | OK | |
r-oldrel-macos-arm64 | 0.9.0 | 34.00 | OK | |||
r-oldrel-macos-x86_64 | 0.9.0 | 57.00 | OK | |||
r-oldrel-windows-ix86+x86_64 | 0.9.0 | 6.00 | 42.00 | 48.00 | ERROR |
Version: 0.9.0
Check: examples
Result: ERROR
Running examples in 'getwiki-Ex.R' failed
The error most likely occurred in:
> ### Name: get_wiki
> ### Title: Get the Text of a Wikipedia Article
> ### Aliases: get_wiki
>
> ### ** Examples
>
> get_wiki("United States")
Error: Required package curl not found. Please run: install.packages('curl')
Execution halted
Flavor: r-oldrel-windows-ix86+x86_64