Last updated on 2022-08-15 08:49:57 CEST.
Flavor | Version | Tinstall | Tcheck | Ttotal | Status | Flags |
---|---|---|---|---|---|---|
r-devel-linux-x86_64-debian-clang | 0.1.12 | 9.38 | 83.50 | 92.88 | OK | |
r-devel-linux-x86_64-debian-gcc | 0.1.12 | 6.61 | 61.15 | 67.76 | OK | |
r-devel-linux-x86_64-fedora-clang | 0.1.12 | 124.31 | NOTE | |||
r-devel-linux-x86_64-fedora-gcc | 0.1.12 | 119.59 | NOTE | |||
r-devel-windows-x86_64 | 0.1.12 | 21.00 | 112.00 | 133.00 | OK | |
r-patched-linux-x86_64 | 0.1.12 | 9.99 | 77.89 | 87.88 | OK | |
r-release-linux-x86_64 | 0.1.12 | 8.93 | 77.97 | 86.90 | OK | |
r-release-macos-arm64 | 0.1.12 | 33.00 | NOTE | |||
r-release-macos-x86_64 | 0.1.12 | 56.00 | NOTE | |||
r-release-windows-x86_64 | 0.1.12 | 26.00 | 107.00 | 133.00 | OK | |
r-oldrel-macos-arm64 | 0.1.12 | 36.00 | NOTE | |||
r-oldrel-macos-x86_64 | 0.1.12 | 43.00 | NOTE | |||
r-oldrel-windows-ix86+x86_64 | 0.1.12 | 25.00 | 118.00 | 143.00 | OK |
Version: 0.1.12
Check: dependencies in R code
Result: NOTE
Namespaces in Imports field not imported from:
‘googlesheets4’ ‘tidyr’
All declared Imports should be used.
Flavors: r-devel-linux-x86_64-fedora-clang, r-devel-linux-x86_64-fedora-gcc, r-release-macos-arm64, r-release-macos-x86_64, r-oldrel-macos-arm64, r-oldrel-macos-x86_64