Last updated on 2022-08-15 08:49:57 CEST.
Flavor | Version | Tinstall | Tcheck | Ttotal | Status | Flags |
---|---|---|---|---|---|---|
r-devel-linux-x86_64-debian-clang | 1.0.0 | 7.06 | 77.29 | 84.35 | NOTE | |
r-devel-linux-x86_64-debian-gcc | 1.0.0 | 6.28 | 56.74 | 63.02 | NOTE | |
r-devel-linux-x86_64-fedora-clang | 1.0.0 | 109.08 | NOTE | |||
r-devel-linux-x86_64-fedora-gcc | 1.0.0 | 108.40 | NOTE | |||
r-devel-windows-x86_64 | 1.0.0 | 12.00 | 96.00 | 108.00 | NOTE | |
r-patched-linux-x86_64 | 1.0.0 | 8.79 | 72.05 | 80.84 | NOTE | |
r-release-linux-x86_64 | 1.0.0 | 6.05 | 71.70 | 77.75 | NOTE | |
r-release-macos-arm64 | 1.0.0 | 31.00 | NOTE | |||
r-release-macos-x86_64 | 1.0.0 | 44.00 | NOTE | |||
r-release-windows-x86_64 | 1.0.0 | 12.00 | 95.00 | 107.00 | NOTE | |
r-oldrel-macos-arm64 | 1.0.0 | 37.00 | NOTE | |||
r-oldrel-macos-x86_64 | 1.0.0 | 51.00 | NOTE | |||
r-oldrel-windows-ix86+x86_64 | 1.0.0 | 18.00 | 89.00 | 107.00 | NOTE |
Version: 1.0.0
Check: LazyData
Result: NOTE
'LazyData' is specified without a 'data' directory
Flavors: r-devel-linux-x86_64-debian-clang, r-devel-linux-x86_64-debian-gcc, r-devel-linux-x86_64-fedora-clang, r-devel-linux-x86_64-fedora-gcc, r-devel-windows-x86_64, r-patched-linux-x86_64, r-release-linux-x86_64, r-release-macos-arm64, r-release-macos-x86_64, r-release-windows-x86_64, r-oldrel-macos-arm64, r-oldrel-macos-x86_64, r-oldrel-windows-ix86+x86_64