Last updated on 2022-08-15 08:49:57 CEST.
Flavor | Version | Tinstall | Tcheck | Ttotal | Status | Flags |
---|---|---|---|---|---|---|
r-devel-linux-x86_64-debian-clang | 1.1 | 18.63 | 136.68 | 155.31 | OK | |
r-devel-linux-x86_64-debian-gcc | 1.1 | 12.68 | 98.45 | 111.13 | OK | |
r-devel-linux-x86_64-fedora-clang | 1.1 | 188.22 | NOTE | |||
r-devel-linux-x86_64-fedora-gcc | 1.1 | 183.83 | NOTE | |||
r-devel-windows-x86_64 | 1.1 | 28.00 | 158.00 | 186.00 | OK | |
r-patched-linux-x86_64 | 1.1 | 14.88 | 122.56 | 137.44 | OK | |
r-release-linux-x86_64 | 1.1 | 15.72 | 123.00 | 138.72 | OK | |
r-release-macos-arm64 | 1.1 | 58.00 | NOTE | |||
r-release-macos-x86_64 | 1.1 | 84.00 | NOTE | |||
r-release-windows-x86_64 | 1.1 | 22.00 | 145.00 | 167.00 | OK | |
r-oldrel-macos-arm64 | 1.1 | 58.00 | NOTE | |||
r-oldrel-macos-x86_64 | 1.1 | 82.00 | NOTE | |||
r-oldrel-windows-ix86+x86_64 | 1.1 | 38.00 | 143.00 | 181.00 | OK |
Version: 1.1
Check: dependencies in R code
Result: NOTE
Namespaces in Imports field not imported from:
‘do’ ‘survival’
All declared Imports should be used.
Flavors: r-devel-linux-x86_64-fedora-clang, r-devel-linux-x86_64-fedora-gcc, r-release-macos-arm64, r-release-macos-x86_64, r-oldrel-macos-arm64, r-oldrel-macos-x86_64