Last updated on 2022-08-15 08:49:57 CEST.
Flavor | Version | Tinstall | Tcheck | Ttotal | Status | Flags |
---|---|---|---|---|---|---|
r-devel-linux-x86_64-debian-clang | 0.1.5 | 4.55 | 33.91 | 38.46 | NOTE | |
r-devel-linux-x86_64-debian-gcc | 0.1.5 | 3.56 | 25.11 | 28.67 | NOTE | |
r-devel-linux-x86_64-fedora-clang | 0.1.5 | 55.89 | NOTE | |||
r-devel-linux-x86_64-fedora-gcc | 0.1.5 | 54.49 | NOTE | |||
r-devel-windows-x86_64 | 0.1.5 | 15.00 | 61.00 | 76.00 | NOTE | |
r-patched-linux-x86_64 | 0.1.5 | 3.57 | 30.43 | 34.00 | NOTE | |
r-release-linux-x86_64 | 0.1.5 | 3.49 | 30.69 | 34.18 | NOTE | |
r-release-macos-arm64 | 0.1.5 | 17.00 | NOTE | |||
r-release-macos-x86_64 | 0.1.5 | 29.00 | NOTE | |||
r-release-windows-x86_64 | 0.1.5 | 11.00 | 60.00 | 71.00 | NOTE | |
r-oldrel-macos-arm64 | 0.1.5 | 19.00 | NOTE | |||
r-oldrel-macos-x86_64 | 0.1.5 | 28.00 | NOTE | |||
r-oldrel-windows-ix86+x86_64 | 0.1.5 | 12.00 | 49.00 | 61.00 | NOTE |
Version: 0.1.5
Check: LazyData
Result: NOTE
'LazyData' is specified without a 'data' directory
Flavors: r-devel-linux-x86_64-debian-clang, r-devel-linux-x86_64-debian-gcc, r-devel-linux-x86_64-fedora-clang, r-devel-linux-x86_64-fedora-gcc, r-devel-windows-x86_64, r-patched-linux-x86_64, r-release-linux-x86_64, r-release-macos-arm64, r-release-macos-x86_64, r-release-windows-x86_64, r-oldrel-macos-arm64, r-oldrel-macos-x86_64, r-oldrel-windows-ix86+x86_64
Version: 0.1.5
Check: dependencies in R code
Result: NOTE
Namespace in Imports field not imported from: ‘dplyr’
All declared Imports should be used.
Flavors: r-devel-linux-x86_64-fedora-clang, r-devel-linux-x86_64-fedora-gcc, r-release-macos-arm64, r-release-macos-x86_64, r-oldrel-macos-arm64, r-oldrel-macos-x86_64