Last updated on 2022-08-15 08:49:57 CEST.
Flavor | Version | Tinstall | Tcheck | Ttotal | Status | Flags |
---|---|---|---|---|---|---|
r-devel-linux-x86_64-debian-clang | 2.2.0 | 66.02 | 601.46 | 667.48 | NOTE | |
r-devel-linux-x86_64-debian-gcc | 2.2.0 | 57.73 | 376.79 | 434.52 | NOTE | |
r-devel-linux-x86_64-fedora-clang | 2.2.0 | 775.84 | NOTE | |||
r-devel-linux-x86_64-fedora-gcc | 2.2.0 | 770.83 | NOTE | |||
r-devel-windows-x86_64 | 2.2.0 | 146.00 | 492.00 | 638.00 | NOTE | |
r-patched-linux-x86_64 | 2.2.0 | 62.31 | 473.82 | 536.13 | OK | |
r-release-linux-x86_64 | 2.2.0 | 53.63 | 485.83 | 539.46 | OK | |
r-release-macos-arm64 | 2.2.0 | 221.00 | NOTE | |||
r-release-macos-x86_64 | 2.2.0 | 339.00 | NOTE | |||
r-release-windows-x86_64 | 2.2.0 | 183.00 | 482.00 | 665.00 | NOTE | |
r-oldrel-macos-arm64 | 2.2.0 | 229.00 | NOTE | |||
r-oldrel-macos-x86_64 | 2.2.0 | 308.00 | NOTE | |||
r-oldrel-windows-ix86+x86_64 | 2.2.0 | 111.00 | 494.00 | 605.00 | NOTE |
Version: 2.2.0
Check: Rd files
Result: NOTE
checkRd: (-1) interaction_data.Rd:174: Escaped LaTeX specials: \&
checkRd: (-1) partial_data.Rd:163: Escaped LaTeX specials: \&
checkRd: (-1) rfsrc_data.Rd:154: Escaped LaTeX specials: \&
checkRd: (-1) varsel_data.Rd:156: Escaped LaTeX specials: \&
Flavors: r-devel-linux-x86_64-debian-clang, r-devel-linux-x86_64-debian-gcc, r-devel-linux-x86_64-fedora-clang, r-devel-linux-x86_64-fedora-gcc, r-devel-windows-x86_64
Version: 2.2.0
Check: HTML version of manual
Result: NOTE
Found the following HTML validation problems:
interaction_data.html:19:1: Warning: missing </h2> before <ul>
interaction_data.html:38:1: Warning: discarding unexpected </h2>
partial_coplot_data.html:19:1: Warning: missing </h2> before <ul>
partial_coplot_data.html:29:1: Warning: discarding unexpected </h2>
partial_data.html:19:1: Warning: missing </h2> before <ul>
partial_data.html:37:1: Warning: discarding unexpected </h2>
partial_surface_data.html:19:1: Warning: missing </h2> before <ul>
partial_surface_data.html:37:1: Warning: discarding unexpected </h2>
varsel_data.html:19:1: Warning: missing </h2> before <ul>
varsel_data.html:37:1: Warning: discarding unexpected </h2>
Flavors: r-devel-linux-x86_64-debian-clang, r-devel-linux-x86_64-debian-gcc, r-devel-linux-x86_64-fedora-clang, r-devel-linux-x86_64-fedora-gcc
Version: 2.2.0
Check: installed package size
Result: NOTE
installed size is 5.9Mb
sub-directories of 1Mb or more:
data 3.6Mb
doc 1.9Mb
Flavors: r-devel-linux-x86_64-fedora-clang, r-devel-windows-x86_64, r-release-macos-arm64, r-release-macos-x86_64, r-release-windows-x86_64, r-oldrel-macos-arm64, r-oldrel-macos-x86_64, r-oldrel-windows-ix86+x86_64