Last updated on 2022-08-15 08:49:57 CEST.
Flavor | Version | Tinstall | Tcheck | Ttotal | Status | Flags |
---|---|---|---|---|---|---|
r-devel-linux-x86_64-debian-clang | 0.12.3 | 9.18 | 160.07 | 169.25 | NOTE | |
r-devel-linux-x86_64-debian-gcc | 0.12.3 | 7.56 | 112.46 | 120.02 | NOTE | |
r-devel-linux-x86_64-fedora-clang | 0.12.3 | 199.11 | NOTE | |||
r-devel-linux-x86_64-fedora-gcc | 0.12.3 | 195.89 | NOTE | |||
r-devel-windows-x86_64 | 0.12.3 | 72.00 | 194.00 | 266.00 | NOTE | |
r-patched-linux-x86_64 | 0.12.3 | 8.59 | 143.54 | 152.13 | OK | |
r-release-linux-x86_64 | 0.12.3 | 10.83 | 144.01 | 154.84 | OK | |
r-release-macos-arm64 | 0.12.3 | 67.00 | OK | |||
r-release-macos-x86_64 | 0.12.3 | 124.00 | OK | |||
r-release-windows-x86_64 | 0.12.3 | 67.00 | 183.00 | 250.00 | OK | |
r-oldrel-macos-arm64 | 0.12.3 | 94.00 | OK | |||
r-oldrel-macos-x86_64 | 0.12.3 | 113.00 | OK | |||
r-oldrel-windows-ix86+x86_64 | 0.12.3 | 21.00 | 180.00 | 201.00 | OK |
Version: 0.12.3
Check: package subdirectories
Result: NOTE
Problems with news in 'NEWS.md':
Cannot extract version info from the following section titles:
earlier versions
Flavors: r-devel-linux-x86_64-debian-clang, r-devel-linux-x86_64-debian-gcc, r-devel-linux-x86_64-fedora-clang, r-devel-linux-x86_64-fedora-gcc, r-devel-windows-x86_64