Last updated on 2022-08-15 08:49:57 CEST.
Flavor | Version | Tinstall | Tcheck | Ttotal | Status | Flags |
---|---|---|---|---|---|---|
r-devel-linux-x86_64-debian-clang | 0.1.0 | 5.78 | 52.30 | 58.08 | OK | |
r-devel-linux-x86_64-debian-gcc | 0.1.0 | 4.77 | 38.40 | 43.17 | OK | |
r-devel-linux-x86_64-fedora-clang | 0.1.0 | 79.83 | NOTE | |||
r-devel-linux-x86_64-fedora-gcc | 0.1.0 | 76.36 | NOTE | |||
r-devel-windows-x86_64 | 0.1.0 | 26.00 | 75.00 | 101.00 | OK | |
r-patched-linux-x86_64 | 0.1.0 | 4.04 | 47.59 | 51.63 | OK | |
r-release-linux-x86_64 | 0.1.0 | 4.21 | 48.34 | 52.55 | OK | |
r-release-macos-arm64 | 0.1.0 | 23.00 | NOTE | |||
r-release-macos-x86_64 | 0.1.0 | 41.00 | NOTE | |||
r-release-windows-x86_64 | 0.1.0 | 14.00 | 74.00 | 88.00 | OK | |
r-oldrel-macos-arm64 | 0.1.0 | 29.00 | NOTE | |||
r-oldrel-macos-x86_64 | 0.1.0 | 34.00 | NOTE | |||
r-oldrel-windows-ix86+x86_64 | 0.1.0 | 16.00 | 76.00 | 92.00 | OK |
Version: 0.1.0
Check: dependencies in R code
Result: NOTE
Namespace in Imports field not imported from: ‘scales’
All declared Imports should be used.
Flavors: r-devel-linux-x86_64-fedora-clang, r-devel-linux-x86_64-fedora-gcc, r-release-macos-arm64, r-release-macos-x86_64, r-oldrel-macos-arm64, r-oldrel-macos-x86_64