Last updated on 2022-08-15 08:49:57 CEST.
Flavor | Version | Tinstall | Tcheck | Ttotal | Status | Flags |
---|---|---|---|---|---|---|
r-devel-linux-x86_64-debian-clang | 0.1.3 | 5.40 | 56.07 | 61.47 | NOTE | |
r-devel-linux-x86_64-debian-gcc | 0.1.3 | 3.89 | 41.05 | 44.94 | NOTE | |
r-devel-linux-x86_64-fedora-clang | 0.1.3 | 81.30 | NOTE | |||
r-devel-linux-x86_64-fedora-gcc | 0.1.3 | 80.06 | NOTE | |||
r-devel-windows-x86_64 | 0.1.3 | 10.00 | 77.00 | 87.00 | NOTE | |
r-patched-linux-x86_64 | 0.1.3 | 3.97 | 52.10 | 56.07 | NOTE | |
r-release-linux-x86_64 | 0.1.3 | 4.08 | 51.93 | 56.01 | NOTE | |
r-release-macos-arm64 | 0.1.3 | 23.00 | NOTE | |||
r-release-macos-x86_64 | 0.1.3 | 44.00 | NOTE | |||
r-release-windows-x86_64 | 0.1.3 | 17.00 | 79.00 | 96.00 | NOTE | |
r-oldrel-macos-arm64 | 0.1.3 | 28.00 | NOTE | |||
r-oldrel-macos-x86_64 | 0.1.3 | 49.00 | NOTE | |||
r-oldrel-windows-ix86+x86_64 | 0.1.3 | 14.00 | 77.00 | 91.00 | NOTE |
Version: 0.1.3
Check: LazyData
Result: NOTE
'LazyData' is specified without a 'data' directory
Flavors: r-devel-linux-x86_64-debian-clang, r-devel-linux-x86_64-debian-gcc, r-devel-linux-x86_64-fedora-clang, r-devel-linux-x86_64-fedora-gcc, r-devel-windows-x86_64, r-patched-linux-x86_64, r-release-linux-x86_64, r-release-macos-arm64, r-release-macos-x86_64, r-release-windows-x86_64, r-oldrel-macos-arm64, r-oldrel-macos-x86_64, r-oldrel-windows-ix86+x86_64