Last updated on 2022-08-15 08:49:57 CEST.
Flavor | Version | Tinstall | Tcheck | Ttotal | Status | Flags |
---|---|---|---|---|---|---|
r-devel-linux-x86_64-debian-clang | 0.1.3 | 11.51 | 127.55 | 139.06 | OK | |
r-devel-linux-x86_64-debian-gcc | 0.1.3 | 7.27 | 90.70 | 97.97 | OK | |
r-devel-linux-x86_64-fedora-clang | 0.1.3 | 166.14 | NOTE | |||
r-devel-linux-x86_64-fedora-gcc | 0.1.3 | 167.08 | NOTE | |||
r-devel-windows-x86_64 | 0.1.3 | 28.00 | 154.00 | 182.00 | OK | |
r-patched-linux-x86_64 | 0.1.3 | 14.20 | 116.41 | 130.61 | OK | |
r-release-linux-x86_64 | 0.1.3 | 7.12 | 118.32 | 125.44 | OK | |
r-release-macos-arm64 | 0.1.3 | 49.00 | NOTE | |||
r-release-macos-x86_64 | 0.1.3 | 111.00 | NOTE | |||
r-release-windows-x86_64 | 0.1.3 | 29.00 | 154.00 | 183.00 | OK | |
r-oldrel-macos-arm64 | 0.1.3 | 73.00 | NOTE | |||
r-oldrel-macos-x86_64 | 0.1.3 | 80.00 | NOTE | |||
r-oldrel-windows-ix86+x86_64 | 0.1.3 | 25.00 | 146.00 | 171.00 | OK |
Version: 0.1.3
Check: dependencies in R code
Result: NOTE
Namespaces in Imports field not imported from:
‘colorspace’ ‘grid’ ‘rstan’
All declared Imports should be used.
Flavors: r-devel-linux-x86_64-fedora-clang, r-devel-linux-x86_64-fedora-gcc, r-release-macos-arm64, r-release-macos-x86_64, r-oldrel-macos-arm64, r-oldrel-macos-x86_64