Last updated on 2022-08-15 08:49:57 CEST.
Flavor | Version | Tinstall | Tcheck | Ttotal | Status | Flags |
---|---|---|---|---|---|---|
r-devel-linux-x86_64-debian-clang | 0.4.1 | 4.91 | 53.14 | 58.05 | NOTE | |
r-devel-linux-x86_64-debian-gcc | 0.4.1 | 4.25 | 40.36 | 44.61 | NOTE | |
r-devel-linux-x86_64-fedora-clang | 0.4.1 | 79.63 | NOTE | |||
r-devel-linux-x86_64-fedora-gcc | 0.4.1 | 78.26 | NOTE | |||
r-devel-windows-x86_64 | 0.4.1 | 11.00 | 83.00 | 94.00 | NOTE | |
r-patched-linux-x86_64 | 0.4.1 | 9.19 | 49.82 | 59.01 | NOTE | |
r-release-linux-x86_64 | 0.4.1 | 4.19 | 50.84 | 55.03 | NOTE | |
r-release-macos-arm64 | 0.4.1 | 23.00 | NOTE | |||
r-release-macos-x86_64 | 0.4.1 | 51.00 | NOTE | |||
r-release-windows-x86_64 | 0.4.1 | 11.00 | 81.00 | 92.00 | NOTE | |
r-oldrel-macos-arm64 | 0.4.1 | 24.00 | NOTE | |||
r-oldrel-macos-x86_64 | 0.4.1 | 42.00 | NOTE | |||
r-oldrel-windows-ix86+x86_64 | 0.4.1 | 16.00 | 70.00 | 86.00 | NOTE |
Version: 0.4.1
Check: LazyData
Result: NOTE
'LazyData' is specified without a 'data' directory
Flavors: r-devel-linux-x86_64-debian-clang, r-devel-linux-x86_64-debian-gcc, r-devel-linux-x86_64-fedora-clang, r-devel-linux-x86_64-fedora-gcc, r-devel-windows-x86_64, r-patched-linux-x86_64, r-release-linux-x86_64, r-release-macos-arm64, r-release-macos-x86_64, r-release-windows-x86_64, r-oldrel-macos-arm64, r-oldrel-macos-x86_64, r-oldrel-windows-ix86+x86_64