Last updated on 2022-08-15 08:49:57 CEST.
Flavor | Version | Tinstall | Tcheck | Ttotal | Status | Flags |
---|---|---|---|---|---|---|
r-devel-linux-x86_64-debian-clang | 0.1.1 | 1.58 | 22.32 | 23.90 | OK | |
r-devel-linux-x86_64-debian-gcc | 0.1.1 | 1.87 | 18.03 | 19.90 | OK | |
r-devel-linux-x86_64-fedora-clang | 0.1.1 | 41.63 | NOTE | |||
r-devel-linux-x86_64-fedora-gcc | 0.1.1 | 40.60 | OK | |||
r-devel-windows-x86_64 | 0.1.1 | 10.00 | 48.00 | 58.00 | OK | |
r-patched-linux-x86_64 | 0.1.1 | 1.85 | 22.01 | 23.86 | OK | |
r-release-linux-x86_64 | 0.1.1 | 2.05 | 22.64 | 24.69 | OK | |
r-release-macos-arm64 | 0.1.1 | 14.00 | OK | |||
r-release-macos-x86_64 | 0.1.1 | 19.00 | OK | |||
r-release-windows-x86_64 | 0.1.1 | 7.00 | 45.00 | 52.00 | OK | |
r-oldrel-macos-arm64 | 0.1.1 | 18.00 | OK | |||
r-oldrel-macos-x86_64 | 0.1.1 | 30.00 | OK | |||
r-oldrel-windows-ix86+x86_64 | 0.1.1 | 6.00 | 41.00 | 47.00 | OK |
Version: 0.1.1
Check: Rd cross-references
Result: NOTE
Undeclared package ‘dwlm’ in Rd xrefs
Flavor: r-devel-linux-x86_64-fedora-clang