Last updated on 2022-08-15 08:49:57 CEST.
Flavor | Version | Tinstall | Tcheck | Ttotal | Status | Flags |
---|---|---|---|---|---|---|
r-devel-linux-x86_64-debian-clang | 0.1.2 | 4.39 | 36.49 | 40.88 | NOTE | |
r-devel-linux-x86_64-debian-gcc | 0.1.2 | 4.04 | 27.89 | 31.93 | NOTE | |
r-devel-linux-x86_64-fedora-clang | 0.1.2 | 61.12 | NOTE | |||
r-devel-linux-x86_64-fedora-gcc | 0.1.2 | 58.73 | NOTE | |||
r-devel-windows-x86_64 | 0.1.2 | 56.00 | 61.00 | 117.00 | NOTE | |
r-patched-linux-x86_64 | 0.1.2 | 8.06 | 34.97 | 43.03 | NOTE | |
r-release-linux-x86_64 | 0.1.2 | 5.40 | 35.16 | 40.56 | NOTE | |
r-release-macos-arm64 | 0.1.2 | 17.00 | NOTE | |||
r-release-macos-x86_64 | 0.1.2 | 32.00 | NOTE | |||
r-release-windows-x86_64 | 0.1.2 | 62.00 | 60.00 | 122.00 | NOTE | |
r-oldrel-macos-arm64 | 0.1.2 | 21.00 | NOTE | |||
r-oldrel-macos-x86_64 | 0.1.2 | 34.00 | NOTE | |||
r-oldrel-windows-ix86+x86_64 | 0.1.2 | 11.00 | 52.00 | 63.00 | NOTE |
Version: 0.1.2
Check: LazyData
Result: NOTE
'LazyData' is specified without a 'data' directory
Flavors: r-devel-linux-x86_64-debian-clang, r-devel-linux-x86_64-debian-gcc, r-devel-linux-x86_64-fedora-clang, r-devel-linux-x86_64-fedora-gcc, r-devel-windows-x86_64, r-patched-linux-x86_64, r-release-linux-x86_64, r-release-macos-arm64, r-release-macos-x86_64, r-release-windows-x86_64, r-oldrel-macos-arm64, r-oldrel-macos-x86_64, r-oldrel-windows-ix86+x86_64
Version: 0.1.2
Check: dependencies in R code
Result: NOTE
Namespaces in Imports field not imported from:
‘dplyr’ ‘grid’ ‘scales’
All declared Imports should be used.
Flavors: r-devel-linux-x86_64-fedora-clang, r-devel-linux-x86_64-fedora-gcc, r-release-macos-arm64, r-release-macos-x86_64, r-oldrel-macos-arm64, r-oldrel-macos-x86_64