Last updated on 2022-08-15 08:49:57 CEST.
Flavor | Version | Tinstall | Tcheck | Ttotal | Status | Flags |
---|---|---|---|---|---|---|
r-devel-linux-x86_64-debian-clang | 1.0.0 | 4.84 | 56.79 | 61.63 | NOTE | |
r-devel-linux-x86_64-debian-gcc | 1.0.0 | 4.28 | 42.59 | 46.87 | NOTE | |
r-devel-linux-x86_64-fedora-clang | 1.0.0 | 83.27 | NOTE | |||
r-devel-linux-x86_64-fedora-gcc | 1.0.0 | 80.63 | NOTE | |||
r-devel-windows-x86_64 | 1.0.0 | 43.00 | 87.00 | 130.00 | NOTE | |
r-patched-linux-x86_64 | 1.0.0 | 10.10 | 53.20 | 63.30 | NOTE | |
r-release-linux-x86_64 | 1.0.0 | 4.79 | 55.13 | 59.92 | NOTE | |
r-release-macos-arm64 | 1.0.0 | 23.00 | NOTE | |||
r-release-macos-x86_64 | 1.0.0 | 41.00 | NOTE | |||
r-release-windows-x86_64 | 1.0.0 | 21.00 | 84.00 | 105.00 | NOTE | |
r-oldrel-macos-arm64 | 1.0.0 | 27.00 | NOTE | |||
r-oldrel-macos-x86_64 | 1.0.0 | 40.00 | NOTE | |||
r-oldrel-windows-ix86+x86_64 | 1.0.0 | 15.00 | 74.00 | 89.00 | NOTE |
Version: 1.0.0
Check: LazyData
Result: NOTE
'LazyData' is specified without a 'data' directory
Flavors: r-devel-linux-x86_64-debian-clang, r-devel-linux-x86_64-debian-gcc, r-devel-linux-x86_64-fedora-clang, r-devel-linux-x86_64-fedora-gcc, r-devel-windows-x86_64, r-patched-linux-x86_64, r-release-linux-x86_64, r-release-macos-arm64, r-release-macos-x86_64, r-release-windows-x86_64, r-oldrel-macos-arm64, r-oldrel-macos-x86_64, r-oldrel-windows-ix86+x86_64