Last updated on 2022-08-15 08:49:57 CEST.
Flavor | Version | Tinstall | Tcheck | Ttotal | Status | Flags |
---|---|---|---|---|---|---|
r-devel-linux-x86_64-debian-clang | 0.1.3 | 11.67 | 91.04 | 102.71 | NOTE | |
r-devel-linux-x86_64-debian-gcc | 0.1.3 | 9.92 | 67.40 | 77.32 | NOTE | |
r-devel-linux-x86_64-fedora-clang | 0.1.3 | 140.12 | NOTE | |||
r-devel-linux-x86_64-fedora-gcc | 0.1.3 | 132.32 | NOTE | |||
r-devel-windows-x86_64 | 0.1.3 | 26.00 | 118.00 | 144.00 | NOTE | |
r-patched-linux-x86_64 | 0.1.3 | 11.28 | 84.09 | 95.37 | NOTE | |
r-release-linux-x86_64 | 0.1.3 | 7.38 | 87.39 | 94.77 | NOTE | |
r-release-macos-arm64 | 0.1.3 | 36.00 | NOTE | |||
r-release-macos-x86_64 | 0.1.3 | 64.00 | NOTE | |||
r-release-windows-x86_64 | 0.1.3 | 22.00 | 112.00 | 134.00 | NOTE | |
r-oldrel-macos-arm64 | 0.1.3 | 46.00 | NOTE | |||
r-oldrel-macos-x86_64 | 0.1.3 | 57.00 | NOTE | |||
r-oldrel-windows-ix86+x86_64 | 0.1.3 | 28.00 | 111.00 | 139.00 | NOTE |
Version: 0.1.3
Check: LazyData
Result: NOTE
'LazyData' is specified without a 'data' directory
Flavors: r-devel-linux-x86_64-debian-clang, r-devel-linux-x86_64-debian-gcc, r-devel-linux-x86_64-fedora-clang, r-devel-linux-x86_64-fedora-gcc, r-devel-windows-x86_64, r-patched-linux-x86_64, r-release-linux-x86_64, r-release-macos-arm64, r-release-macos-x86_64, r-release-windows-x86_64, r-oldrel-macos-arm64, r-oldrel-macos-x86_64, r-oldrel-windows-ix86+x86_64
Version: 0.1.3
Check: dependencies in R code
Result: NOTE
Namespaces in Imports field not imported from:
‘gcookbook’ ‘ggthemes’ ‘moonBook’ ‘tidyverse’
All declared Imports should be used.
Flavors: r-devel-linux-x86_64-fedora-clang, r-devel-linux-x86_64-fedora-gcc, r-release-macos-arm64, r-release-macos-x86_64, r-oldrel-macos-arm64, r-oldrel-macos-x86_64