Last updated on 2022-08-15 08:49:57 CEST.
Flavor | Version | Tinstall | Tcheck | Ttotal | Status | Flags |
---|---|---|---|---|---|---|
r-devel-linux-x86_64-debian-clang | 1.0.0 | 10.82 | 72.49 | 83.31 | NOTE | |
r-devel-linux-x86_64-debian-gcc | 1.0.0 | 7.13 | 53.63 | 60.76 | NOTE | |
r-devel-linux-x86_64-fedora-clang | 1.0.0 | 106.74 | NOTE | |||
r-devel-linux-x86_64-fedora-gcc | 1.0.0 | 101.40 | NOTE | |||
r-devel-windows-x86_64 | 1.0.0 | 10.00 | 96.00 | 106.00 | NOTE | |
r-patched-linux-x86_64 | 1.0.0 | 7.76 | 68.42 | 76.18 | NOTE | |
r-release-linux-x86_64 | 1.0.0 | 5.44 | 69.64 | 75.08 | NOTE | |
r-release-macos-arm64 | 1.0.0 | 31.00 | NOTE | |||
r-release-macos-x86_64 | 1.0.0 | 49.00 | NOTE | |||
r-release-windows-x86_64 | 1.0.0 | 14.00 | 95.00 | 109.00 | NOTE | |
r-oldrel-macos-arm64 | 1.0.0 | 38.00 | NOTE | |||
r-oldrel-macos-x86_64 | 1.0.0 | 49.00 | NOTE | |||
r-oldrel-windows-ix86+x86_64 | 1.0.0 | 21.00 | 87.00 | 108.00 | NOTE |
Version: 1.0.0
Check: LazyData
Result: NOTE
'LazyData' is specified without a 'data' directory
Flavors: r-devel-linux-x86_64-debian-clang, r-devel-linux-x86_64-debian-gcc, r-devel-linux-x86_64-fedora-clang, r-devel-linux-x86_64-fedora-gcc, r-devel-windows-x86_64, r-patched-linux-x86_64, r-release-linux-x86_64, r-release-macos-arm64, r-release-macos-x86_64, r-release-windows-x86_64, r-oldrel-macos-arm64, r-oldrel-macos-x86_64, r-oldrel-windows-ix86+x86_64