Last updated on 2022-08-15 08:49:57 CEST.
Flavor | Version | Tinstall | Tcheck | Ttotal | Status | Flags |
---|---|---|---|---|---|---|
r-devel-linux-x86_64-debian-clang | 1.2 | 20.42 | 133.34 | 153.76 | OK | |
r-devel-linux-x86_64-debian-gcc | 1.2 | 15.70 | 97.83 | 113.53 | OK | |
r-devel-linux-x86_64-fedora-clang | 1.2 | 190.53 | NOTE | |||
r-devel-linux-x86_64-fedora-gcc | 1.2 | 182.07 | OK | |||
r-devel-windows-x86_64 | 1.2 | 28.00 | 145.00 | 173.00 | NOTE | |
r-patched-linux-x86_64 | 1.2 | 15.11 | 124.47 | 139.58 | OK | |
r-release-linux-x86_64 | 1.2 | 16.05 | 127.19 | 143.24 | OK | |
r-release-macos-arm64 | 1.2 | 55.00 | NOTE | |||
r-release-macos-x86_64 | 1.2 | 75.00 | NOTE | |||
r-release-windows-x86_64 | 1.2 | 30.00 | 143.00 | 173.00 | NOTE | |
r-oldrel-macos-arm64 | 1.2 | 50.00 | NOTE | |||
r-oldrel-macos-x86_64 | 1.2 | 73.00 | NOTE | |||
r-oldrel-windows-ix86+x86_64 | 1.2 | 41.00 | 136.00 | 177.00 | NOTE |
Version: 1.2
Check: installed package size
Result: NOTE
installed size is 9.4Mb
sub-directories of 1Mb or more:
extdata 9.1Mb
Flavors: r-devel-linux-x86_64-fedora-clang, r-devel-windows-x86_64, r-release-macos-arm64, r-release-macos-x86_64, r-release-windows-x86_64, r-oldrel-macos-arm64, r-oldrel-macos-x86_64, r-oldrel-windows-ix86+x86_64