Last updated on 2022-08-15 08:49:57 CEST.
Flavor | Version | Tinstall | Tcheck | Ttotal | Status | Flags |
---|---|---|---|---|---|---|
r-devel-linux-x86_64-debian-clang | 0.5.3 | 8.47 | 123.95 | 132.42 | OK | |
r-devel-linux-x86_64-debian-gcc | 0.5.3 | 7.20 | 90.51 | 97.71 | OK | |
r-devel-linux-x86_64-fedora-clang | 0.5.3 | 165.18 | NOTE | |||
r-devel-linux-x86_64-fedora-gcc | 0.5.3 | 159.06 | NOTE | |||
r-devel-windows-x86_64 | 0.5.3 | 70.00 | 165.00 | 235.00 | OK | |
r-patched-linux-x86_64 | 0.5.3 | 14.09 | 112.72 | 126.81 | OK | |
r-release-linux-x86_64 | 0.5.3 | 9.30 | 113.77 | 123.07 | OK | |
r-release-macos-arm64 | 0.5.3 | 57.00 | NOTE | |||
r-release-macos-x86_64 | 0.5.3 | 104.00 | NOTE | |||
r-release-windows-x86_64 | 0.5.3 | 141.00 | 163.00 | 304.00 | OK | |
r-oldrel-macos-arm64 | 0.5.3 | 75.00 | NOTE | |||
r-oldrel-macos-x86_64 | 0.5.3 | 105.00 | NOTE | |||
r-oldrel-windows-ix86+x86_64 | 0.5.3 | 21.00 | 157.00 | 178.00 | OK |
Version: 0.5.3
Check: data for non-ASCII characters
Result: NOTE
Note: found 6242 marked UTF-8 strings
Flavors: r-devel-linux-x86_64-fedora-clang, r-devel-linux-x86_64-fedora-gcc, r-release-macos-arm64, r-release-macos-x86_64, r-oldrel-macos-arm64, r-oldrel-macos-x86_64