Last updated on 2022-08-15 08:49:57 CEST.
Flavor | Version | Tinstall | Tcheck | Ttotal | Status | Flags |
---|---|---|---|---|---|---|
r-devel-linux-x86_64-debian-clang | 2.9 | 7.39 | 132.98 | 140.37 | NOTE | |
r-devel-linux-x86_64-debian-gcc | 2.9 | 5.11 | 95.40 | 100.51 | NOTE | |
r-devel-linux-x86_64-fedora-clang | 2.9 | 169.17 | NOTE | |||
r-devel-linux-x86_64-fedora-gcc | 2.9 | 162.65 | NOTE | |||
r-devel-windows-x86_64 | 2.9 | 25.00 | 170.00 | 195.00 | NOTE | |
r-patched-linux-x86_64 | 2.9 | 7.26 | 123.32 | 130.58 | NOTE | |
r-release-linux-x86_64 | 2.9 | 5.92 | 121.97 | 127.89 | NOTE | |
r-release-macos-arm64 | 2.9 | 58.00 | NOTE | |||
r-release-macos-x86_64 | 2.9 | 74.00 | NOTE | |||
r-release-windows-x86_64 | 2.9 | 28.00 | 167.00 | 195.00 | NOTE | |
r-oldrel-macos-arm64 | 2.9 | 89.00 | NOTE | |||
r-oldrel-macos-x86_64 | 2.9 | 84.00 | NOTE | |||
r-oldrel-windows-ix86+x86_64 | 2.9 | 21.00 | 164.00 | 185.00 | NOTE |
Version: 2.9
Check: LazyData
Result: NOTE
'LazyData' is specified without a 'data' directory
Flavors: r-devel-linux-x86_64-debian-clang, r-devel-linux-x86_64-debian-gcc, r-devel-linux-x86_64-fedora-clang, r-devel-linux-x86_64-fedora-gcc, r-devel-windows-x86_64, r-patched-linux-x86_64, r-release-linux-x86_64, r-release-macos-arm64, r-release-macos-x86_64, r-release-windows-x86_64, r-oldrel-macos-arm64, r-oldrel-macos-x86_64, r-oldrel-windows-ix86+x86_64