Last updated on 2022-08-15 08:49:57 CEST.
Flavor | Version | Tinstall | Tcheck | Ttotal | Status | Flags |
---|---|---|---|---|---|---|
r-devel-linux-x86_64-debian-clang | 0.6.3 | 5.98 | 51.26 | 57.24 | NOTE | |
r-devel-linux-x86_64-debian-gcc | 0.6.3 | 4.27 | 38.09 | 42.36 | NOTE | |
r-devel-linux-x86_64-fedora-clang | 0.6.3 | 76.79 | NOTE | |||
r-devel-linux-x86_64-fedora-gcc | 0.6.3 | 75.08 | NOTE | |||
r-devel-windows-x86_64 | 0.6.3 | 22.00 | 72.00 | 94.00 | NOTE | |
r-patched-linux-x86_64 | 0.6.3 | 4.19 | 47.74 | 51.93 | OK | |
r-release-linux-x86_64 | 0.6.3 | 5.71 | 47.72 | 53.43 | OK | |
r-release-macos-arm64 | 0.6.3 | 24.00 | OK | |||
r-release-macos-x86_64 | 0.6.3 | 34.00 | OK | |||
r-release-windows-x86_64 | 0.6.3 | 34.00 | 72.00 | 106.00 | OK | |
r-oldrel-macos-arm64 | 0.6.3 | 25.00 | OK | |||
r-oldrel-macos-x86_64 | 0.6.3 | 33.00 | OK | |||
r-oldrel-windows-ix86+x86_64 | 0.6.3 | 12.00 | 63.00 | 75.00 | OK |
Version: 0.6.3
Check: package subdirectories
Result: NOTE
Problems with news in 'NEWS.md':
Cannot extract version info from the following section titles:
Initial Release (0.1.0)
Flavors: r-devel-linux-x86_64-debian-clang, r-devel-linux-x86_64-debian-gcc, r-devel-linux-x86_64-fedora-clang, r-devel-linux-x86_64-fedora-gcc, r-devel-windows-x86_64