Last updated on 2022-08-15 08:49:57 CEST.
Flavor | Version | Tinstall | Tcheck | Ttotal | Status | Flags |
---|---|---|---|---|---|---|
r-devel-linux-x86_64-debian-clang | 0.1.1 | 1.78 | 30.40 | 32.18 | NOTE | |
r-devel-linux-x86_64-debian-gcc | 0.1.1 | 1.62 | 23.24 | 24.86 | NOTE | |
r-devel-linux-x86_64-fedora-clang | 0.1.1 | 49.36 | NOTE | |||
r-devel-linux-x86_64-fedora-gcc | 0.1.1 | 48.07 | NOTE | |||
r-devel-windows-x86_64 | 0.1.1 | 15.00 | 62.00 | 77.00 | NOTE | |
r-patched-linux-x86_64 | 0.1.1 | 2.24 | 29.88 | 32.12 | NOTE | |
r-release-linux-x86_64 | 0.1.1 | 2.10 | 28.76 | 30.86 | NOTE | |
r-release-macos-arm64 | 0.1.1 | 19.00 | NOTE | |||
r-release-macos-x86_64 | 0.1.1 | 35.00 | NOTE | |||
r-release-windows-x86_64 | 0.1.1 | 18.00 | 64.00 | 82.00 | NOTE | |
r-oldrel-macos-arm64 | 0.1.1 | 26.00 | NOTE | |||
r-oldrel-macos-x86_64 | 0.1.1 | 34.00 | NOTE | |||
r-oldrel-windows-ix86+x86_64 | 0.1.1 | 7.00 | 51.00 | 58.00 | NOTE |
Version: 0.1.1
Check: LazyData
Result: NOTE
'LazyData' is specified without a 'data' directory
Flavors: r-devel-linux-x86_64-debian-clang, r-devel-linux-x86_64-debian-gcc, r-devel-linux-x86_64-fedora-clang, r-devel-linux-x86_64-fedora-gcc, r-devel-windows-x86_64, r-patched-linux-x86_64, r-release-linux-x86_64, r-release-macos-arm64, r-release-macos-x86_64, r-release-windows-x86_64, r-oldrel-macos-arm64, r-oldrel-macos-x86_64, r-oldrel-windows-ix86+x86_64
Version: 0.1.1
Check: dependencies in R code
Result: NOTE
Namespace in Imports field not imported from: ‘ggplot2’
All declared Imports should be used.
Flavors: r-devel-linux-x86_64-fedora-clang, r-devel-linux-x86_64-fedora-gcc, r-release-macos-arm64, r-release-macos-x86_64, r-oldrel-macos-arm64, r-oldrel-macos-x86_64