Last updated on 2022-08-15 08:49:57 CEST.
Flavor | Version | Tinstall | Tcheck | Ttotal | Status | Flags |
---|---|---|---|---|---|---|
r-devel-linux-x86_64-debian-clang | 0.1.0 | 38.71 | 76.69 | 115.40 | OK | |
r-devel-linux-x86_64-debian-gcc | 0.1.0 | 29.87 | 59.39 | 89.26 | OK | |
r-devel-linux-x86_64-fedora-clang | 0.1.0 | 154.27 | OK | |||
r-devel-linux-x86_64-fedora-gcc | 0.1.0 | 152.57 | OK | |||
r-devel-windows-x86_64 | 0.1.0 | 33.00 | 117.00 | 150.00 | OK | |
r-patched-linux-x86_64 | 0.1.0 | 33.39 | 73.88 | 107.27 | OK | |
r-release-linux-x86_64 | 0.1.0 | 32.63 | 73.91 | 106.54 | OK | |
r-release-macos-arm64 | 0.1.0 | 45.00 | NOTE | |||
r-release-macos-x86_64 | 0.1.0 | 59.00 | NOTE | |||
r-release-windows-x86_64 | 0.1.0 | 46.00 | 122.00 | 168.00 | OK | |
r-oldrel-macos-arm64 | 0.1.0 | 50.00 | NOTE | |||
r-oldrel-macos-x86_64 | 0.1.0 | 85.00 | NOTE | |||
r-oldrel-windows-ix86+x86_64 | 0.1.0 | 89.00 | 132.00 | 221.00 | OK |
Version: 0.1.0
Check: installed package size
Result: NOTE
installed size is 6.2Mb
sub-directories of 1Mb or more:
doc 1.1Mb
libs 4.8Mb
Flavors: r-release-macos-arm64, r-release-macos-x86_64, r-oldrel-macos-arm64, r-oldrel-macos-x86_64