Last updated on 2022-08-15 08:49:57 CEST.
Flavor | Version | Tinstall | Tcheck | Ttotal | Status | Flags |
---|---|---|---|---|---|---|
r-devel-linux-x86_64-debian-clang | 1.6.6-1 | 282.60 | 21.65 | 304.25 | OK | |
r-devel-linux-x86_64-debian-gcc | 1.6.6-1 | 210.50 | 17.00 | 227.50 | OK | |
r-devel-linux-x86_64-fedora-clang | 1.6.6-1 | 498.39 | OK | |||
r-devel-linux-x86_64-fedora-gcc | 1.6.6-1 | 486.53 | OK | |||
r-devel-windows-x86_64 | 1.6.6-1 | 19.00 | 66.00 | 85.00 | OK | |
r-patched-linux-x86_64 | 1.6.6-1 | 285.85 | 21.07 | 306.92 | OK | |
r-release-linux-x86_64 | 1.6.6-1 | 284.20 | 21.75 | 305.95 | OK | |
r-release-macos-arm64 | 1.6.6-1 | 103.00 | NOTE | |||
r-release-macos-x86_64 | 1.6.6-1 | 114.00 | NOTE | |||
r-release-windows-x86_64 | 1.6.6-1 | 18.00 | 63.00 | 81.00 | OK | |
r-oldrel-macos-arm64 | 1.6.6-1 | 74.00 | NOTE | |||
r-oldrel-macos-x86_64 | 1.6.6-1 | 96.00 | NOTE | |||
r-oldrel-windows-ix86+x86_64 | 1.6.6-1 | 23.00 | 62.00 | 85.00 | OK |
Version: 1.6.6-1
Check: installed package size
Result: NOTE
installed size is 7.6Mb
sub-directories of 1Mb or more:
libs 7.5Mb
Flavors: r-release-macos-arm64, r-release-macos-x86_64, r-oldrel-macos-arm64, r-oldrel-macos-x86_64