Last updated on 2022-08-15 08:49:57 CEST.
Flavor | Version | Tinstall | Tcheck | Ttotal | Status | Flags |
---|---|---|---|---|---|---|
r-devel-linux-x86_64-debian-clang | 0.7-8 | 22.20 | 166.03 | 188.23 | OK | |
r-devel-linux-x86_64-debian-gcc | 0.7-8 | 17.84 | 124.24 | 142.08 | OK | |
r-devel-linux-x86_64-fedora-clang | 0.7-8 | 237.74 | NOTE | |||
r-devel-linux-x86_64-fedora-gcc | 0.7-8 | 241.03 | NOTE | |||
r-devel-windows-x86_64 | 0.7-8 | 44.00 | 173.00 | 217.00 | OK | |
r-patched-linux-x86_64 | 0.7-8 | 23.71 | 153.46 | 177.17 | OK | |
r-release-linux-x86_64 | 0.7-8 | 17.94 | 154.40 | 172.34 | OK | |
r-release-macos-arm64 | 0.7-8 | 62.00 | NOTE | |||
r-release-macos-x86_64 | 0.7-8 | 89.00 | NOTE | |||
r-release-windows-x86_64 | 0.7-8 | 38.00 | 178.00 | 216.00 | OK | |
r-oldrel-macos-arm64 | 0.7-8 | 63.00 | NOTE | |||
r-oldrel-macos-x86_64 | 0.7-8 | 84.00 | NOTE | |||
r-oldrel-windows-ix86+x86_64 | 0.7-8 | 47.00 | 172.00 | 219.00 | OK |
Version: 0.7-8
Check: dependencies in R code
Result: NOTE
Namespaces in Imports field not imported from:
‘aTSA’ ‘mvtnorm’
All declared Imports should be used.
Flavors: r-devel-linux-x86_64-fedora-clang, r-devel-linux-x86_64-fedora-gcc, r-release-macos-arm64, r-release-macos-x86_64, r-oldrel-macos-arm64, r-oldrel-macos-x86_64