Last updated on 2022-08-15 08:49:57 CEST.
Flavor | Version | Tinstall | Tcheck | Ttotal | Status | Flags |
---|---|---|---|---|---|---|
r-devel-linux-x86_64-debian-clang | 0.1 | 5.09 | 47.49 | 52.58 | NOTE | |
r-devel-linux-x86_64-debian-gcc | 0.1 | 4.10 | 36.08 | 40.18 | NOTE | |
r-devel-linux-x86_64-fedora-clang | 0.1 | 73.70 | NOTE | |||
r-devel-linux-x86_64-fedora-gcc | 0.1 | 74.76 | NOTE | |||
r-devel-windows-x86_64 | 0.1 | 14.00 | 68.00 | 82.00 | NOTE | |
r-patched-linux-x86_64 | 0.1 | 5.75 | 44.02 | 49.77 | NOTE | |
r-release-linux-x86_64 | 0.1 | 5.63 | 44.63 | 50.26 | NOTE | |
r-release-macos-arm64 | 0.1 | 22.00 | NOTE | |||
r-release-macos-x86_64 | 0.1 | 42.00 | NOTE | |||
r-release-windows-x86_64 | 0.1 | 15.00 | 71.00 | 86.00 | NOTE | |
r-oldrel-macos-arm64 | 0.1 | 23.00 | NOTE | |||
r-oldrel-macos-x86_64 | 0.1 | 42.00 | NOTE | |||
r-oldrel-windows-ix86+x86_64 | 0.1 | 15.00 | 67.00 | 82.00 | NOTE |
Version: 0.1
Check: LazyData
Result: NOTE
'LazyData' is specified without a 'data' directory
Flavors: r-devel-linux-x86_64-debian-clang, r-devel-linux-x86_64-debian-gcc, r-devel-linux-x86_64-fedora-clang, r-devel-linux-x86_64-fedora-gcc, r-devel-windows-x86_64, r-patched-linux-x86_64, r-release-linux-x86_64, r-release-macos-arm64, r-release-macos-x86_64, r-release-windows-x86_64, r-oldrel-macos-arm64, r-oldrel-macos-x86_64, r-oldrel-windows-ix86+x86_64