Last updated on 2022-08-15 08:49:57 CEST.
Flavor | Version | Tinstall | Tcheck | Ttotal | Status | Flags |
---|---|---|---|---|---|---|
r-devel-linux-x86_64-debian-clang | 1.0.4 | 18.86 | 31.94 | 50.80 | NOTE | |
r-devel-linux-x86_64-debian-gcc | 1.0.4 | 17.17 | 24.77 | 41.94 | NOTE | |
r-devel-linux-x86_64-fedora-clang | 1.0.4 | 81.08 | NOTE | |||
r-devel-linux-x86_64-fedora-gcc | 1.0.4 | 75.98 | NOTE | |||
r-devel-windows-x86_64 | 1.0.4 | 31.00 | 75.00 | 106.00 | NOTE | |
r-patched-linux-x86_64 | 1.0.4 | 16.55 | 30.62 | 47.17 | NOTE | |
r-release-linux-x86_64 | 1.0.4 | 17.47 | 30.45 | 47.92 | NOTE | |
r-release-macos-arm64 | 1.0.4 | 24.00 | NOTE | |||
r-release-macos-x86_64 | 1.0.4 | 32.00 | NOTE | |||
r-release-windows-x86_64 | 1.0.4 | 22.00 | 76.00 | 98.00 | NOTE | |
r-oldrel-macos-arm64 | 1.0.4 | 27.00 | NOTE | |||
r-oldrel-macos-x86_64 | 1.0.4 | 42.00 | NOTE | |||
r-oldrel-windows-ix86+x86_64 | 1.0.4 | 53.00 | 78.00 | 131.00 | NOTE |
Version: 1.0.4
Check: LazyData
Result: NOTE
'LazyData' is specified without a 'data' directory
Flavors: r-devel-linux-x86_64-debian-clang, r-devel-linux-x86_64-debian-gcc, r-devel-linux-x86_64-fedora-clang, r-devel-linux-x86_64-fedora-gcc, r-devel-windows-x86_64, r-patched-linux-x86_64, r-release-linux-x86_64, r-release-macos-arm64, r-release-macos-x86_64, r-release-windows-x86_64, r-oldrel-macos-arm64, r-oldrel-macos-x86_64, r-oldrel-windows-ix86+x86_64