Last updated on 2022-08-15 08:49:57 CEST.
Flavor | Version | Tinstall | Tcheck | Ttotal | Status | Flags |
---|---|---|---|---|---|---|
r-devel-linux-x86_64-debian-clang | 1.6.1 | 76.43 | 170.77 | 247.20 | OK | |
r-devel-linux-x86_64-debian-gcc | 1.6.1 | 58.33 | 124.34 | 182.67 | OK | |
r-devel-linux-x86_64-fedora-clang | 1.6.1 | 317.08 | NOTE | |||
r-devel-linux-x86_64-fedora-gcc | 1.6.1 | 311.81 | NOTE | |||
r-devel-windows-x86_64 | 1.6.1 | 71.00 | 187.00 | 258.00 | OK | |
r-patched-linux-x86_64 | 1.6.1 | 64.29 | 163.50 | 227.79 | OK | |
r-release-linux-x86_64 | 1.6.1 | 62.82 | 163.85 | 226.67 | OK | |
r-release-macos-arm64 | 1.6.1 | 75.00 | NOTE | |||
r-release-macos-x86_64 | 1.6.1 | 104.00 | NOTE | |||
r-release-windows-x86_64 | 1.6.1 | 69.00 | 179.00 | 248.00 | OK | |
r-oldrel-macos-arm64 | 1.6.1 | 74.00 | NOTE | |||
r-oldrel-macos-x86_64 | 1.6.1 | 98.00 | NOTE | |||
r-oldrel-windows-ix86+x86_64 | 1.6.1 | 152.00 | 208.00 | 360.00 | OK |
Version: 1.6.1
Check: dependencies in R code
Result: NOTE
Namespace in Imports field not imported from: ‘GMMBoost’
All declared Imports should be used.
Flavors: r-devel-linux-x86_64-fedora-clang, r-devel-linux-x86_64-fedora-gcc, r-release-macos-arm64, r-release-macos-x86_64, r-oldrel-macos-arm64, r-oldrel-macos-x86_64
Version: 1.6.1
Check: installed package size
Result: NOTE
installed size is 8.6Mb
sub-directories of 1Mb or more:
libs 8.0Mb
Flavors: r-release-macos-arm64, r-release-macos-x86_64, r-oldrel-macos-arm64, r-oldrel-macos-x86_64