Last updated on 2022-08-15 08:49:57 CEST.
Flavor | Version | Tinstall | Tcheck | Ttotal | Status | Flags |
---|---|---|---|---|---|---|
r-devel-linux-x86_64-debian-clang | 1.5.1.10 | 456.71 | 186.43 | 643.14 | NOTE | |
r-devel-linux-x86_64-debian-gcc | 1.5.1.10 | 402.78 | 152.95 | 555.73 | NOTE | |
r-devel-linux-x86_64-fedora-clang | 1.5.1.10 | 822.23 | NOTE | |||
r-devel-linux-x86_64-fedora-gcc | 1.5.1.10 | 929.17 | NOTE | |||
r-devel-windows-x86_64 | 1.5.1.10 | 354.00 | 247.00 | 601.00 | NOTE | |
r-patched-linux-x86_64 | 1.5.1.10 | 433.66 | 196.01 | 629.67 | OK | |
r-release-linux-x86_64 | 1.5.1.10 | 431.13 | 193.18 | 624.31 | OK | |
r-release-macos-arm64 | 1.5.1.10 | 194.00 | NOTE | |||
r-release-macos-x86_64 | 1.5.1.10 | 293.00 | NOTE | |||
r-release-windows-x86_64 | 1.5.1.10 | 326.00 | 236.00 | 562.00 | OK | |
r-oldrel-macos-arm64 | 1.5.1.10 | 227.00 | NOTE | |||
r-oldrel-macos-x86_64 | 1.5.1.10 | 271.00 | NOTE | |||
r-oldrel-windows-ix86+x86_64 | 1.5.1.10 | 1072.00 | 293.00 | 1365.00 | NOTE |
Version: 1.5.1.10
Check: Rd files
Result: NOTE
checkRd: (-1) basal.Rd:32: Escaped LaTeX specials: \_
checkRd: (-1) basal.Rd:33: Escaped LaTeX specials: \_ \_ \_
Flavors: r-devel-linux-x86_64-debian-clang, r-devel-linux-x86_64-debian-gcc, r-devel-linux-x86_64-fedora-clang, r-devel-linux-x86_64-fedora-gcc, r-devel-windows-x86_64
Version: 1.5.1.10
Check: dependencies in R code
Result: NOTE
Namespace in Imports field not imported from: ‘rstantools’
All declared Imports should be used.
Flavors: r-devel-linux-x86_64-fedora-clang, r-devel-linux-x86_64-fedora-gcc, r-release-macos-arm64, r-release-macos-x86_64, r-oldrel-macos-arm64, r-oldrel-macos-x86_64
Version: 1.5.1.10
Check: installed package size
Result: NOTE
installed size is 53.9Mb
sub-directories of 1Mb or more:
libs 52.9Mb
Flavors: r-release-macos-arm64, r-release-macos-x86_64, r-oldrel-macos-arm64, r-oldrel-macos-x86_64, r-oldrel-windows-ix86+x86_64