Last updated on 2022-08-15 08:49:57 CEST.
Flavor | Version | Tinstall | Tcheck | Ttotal | Status | Flags |
---|---|---|---|---|---|---|
r-devel-linux-x86_64-debian-clang | 1.1.8 | 7.17 | 423.39 | 430.56 | OK | |
r-devel-linux-x86_64-debian-gcc | 1.1.8 | 7.31 | 314.01 | 321.32 | OK | |
r-devel-linux-x86_64-fedora-clang | 1.1.8 | 504.24 | OK | |||
r-devel-linux-x86_64-fedora-gcc | 1.1.8 | 508.06 | OK | |||
r-devel-windows-x86_64 | 1.1.8 | 21.00 | 448.00 | 469.00 | OK | |
r-patched-linux-x86_64 | 1.1.8 | 8.48 | 407.89 | 416.37 | OK | |
r-release-linux-x86_64 | 1.1.8 | 8.48 | 411.04 | 419.52 | OK | |
r-release-macos-arm64 | 1.1.8 | 132.00 | OK | |||
r-release-macos-x86_64 | 1.1.8 | 175.00 | OK | |||
r-release-windows-x86_64 | 1.1.8 | 29.00 | 430.00 | 459.00 | OK | |
r-oldrel-macos-arm64 | 1.1.8 | 160.00 | OK | |||
r-oldrel-macos-x86_64 | 1.1.8 | 1803.00 | OK | |||
r-oldrel-windows-ix86+x86_64 | 1.1.8 | 18.00 | 429.00 | 447.00 | WARN |
Version: 1.1.8
Check: re-building of vignette outputs
Result: WARN
Error(s) in re-building vignettes:
--- re-building 'intro.rmd' using rmarkdown
trying URL 'https://web.stanford.edu/~hastie/glmnet/glmnetData/Leukemia.RData'
Quitting from lines 167-173 (intro.rmd)
Error: processing vignette 'intro.rmd' failed with diagnostics:
cannot open URL 'https://web.stanford.edu/~hastie/glmnet/glmnetData/Leukemia.RData'
--- failed re-building 'intro.rmd'
SUMMARY: processing the following file failed:
'intro.rmd'
Error: Vignette re-building failed.
Execution halted
Flavor: r-oldrel-windows-ix86+x86_64