Last updated on 2022-08-15 08:49:57 CEST.
Flavor | Version | Tinstall | Tcheck | Ttotal | Status | Flags |
---|---|---|---|---|---|---|
r-devel-linux-x86_64-debian-clang | 2.0.1 | 15.67 | 73.32 | 88.99 | OK | |
r-devel-linux-x86_64-debian-gcc | 2.0.1 | 11.58 | 55.12 | 66.70 | OK | |
r-devel-linux-x86_64-fedora-clang | 2.0.1 | 123.31 | OK | |||
r-devel-linux-x86_64-fedora-gcc | 2.0.1 | 113.70 | OK | |||
r-devel-windows-x86_64 | 2.0.1 | 32.00 | 127.00 | 159.00 | OK | |
r-patched-linux-x86_64 | 2.0.1 | 14.81 | 68.27 | 83.08 | OK | |
r-release-linux-x86_64 | 2.0.1 | 11.00 | 69.75 | 80.75 | OK | |
r-release-macos-arm64 | 2.0.1 | 38.00 | OK | |||
r-release-macos-x86_64 | 2.0.1 | 58.00 | OK | |||
r-release-windows-x86_64 | 2.0.1 | 43.00 | 122.00 | 165.00 | OK | |
r-oldrel-macos-arm64 | 2.0.1 | 35.00 | OK | |||
r-oldrel-macos-x86_64 | 2.0.1 | 53.00 | OK | |||
r-oldrel-windows-ix86+x86_64 | 2.0.1 | 39.00 | 134.00 | 173.00 | WARN |
Version: 2.0.1
Check: re-building of vignette outputs
Result: WARN
Error(s) in re-building vignettes:
--- re-building 'glmtlp.Rmd' using rmarkdown
! Package inputenc Error: Unicode char รข<c2><80><c2><90> (U+2010)
(inputenc) not set up for use with LaTeX.
Error: processing vignette 'glmtlp.Rmd' failed with diagnostics:
LaTeX failed to compile d:/RCompile/CRANpkg/local/4.1/glmtlp.Rcheck/vign_test/glmtlp/vignettes/glmtlp.tex. See https://yihui.org/tinytex/r/#debugging for debugging tips. See glmtlp.log for more info.
--- failed re-building 'glmtlp.Rmd'
SUMMARY: processing the following file failed:
'glmtlp.Rmd'
Error: Vignette re-building failed.
Execution halted
Flavor: r-oldrel-windows-ix86+x86_64