Last updated on 2022-08-15 08:49:57 CEST.
Flavor | Version | Tinstall | Tcheck | Ttotal | Status | Flags |
---|---|---|---|---|---|---|
r-devel-linux-x86_64-debian-clang | 0.2 | 2.98 | 148.47 | 151.45 | NOTE | |
r-devel-linux-x86_64-debian-gcc | 0.2 | 2.26 | 113.43 | 115.69 | NOTE | |
r-devel-linux-x86_64-fedora-clang | 0.2 | 184.96 | NOTE | |||
r-devel-linux-x86_64-fedora-gcc | 0.2 | 199.88 | NOTE | |||
r-devel-windows-x86_64 | 0.2 | 13.00 | 178.00 | 191.00 | NOTE | |
r-patched-linux-x86_64 | 0.2 | 2.77 | 139.54 | 142.31 | NOTE | |
r-release-linux-x86_64 | 0.2 | 1.94 | 140.85 | 142.79 | NOTE | |
r-release-macos-arm64 | 0.2 | 48.00 | NOTE | |||
r-release-macos-x86_64 | 0.2 | 86.00 | NOTE | |||
r-release-windows-x86_64 | 0.2 | 12.00 | 180.00 | 192.00 | NOTE | |
r-oldrel-macos-arm64 | 0.2 | 62.00 | NOTE | |||
r-oldrel-macos-x86_64 | 0.2 | 81.00 | NOTE | |||
r-oldrel-windows-ix86+x86_64 | 0.2 | 9.00 | 178.00 | 187.00 | NOTE |
Version: 0.2
Check: LazyData
Result: NOTE
'LazyData' is specified without a 'data' directory
Flavors: r-devel-linux-x86_64-debian-clang, r-devel-linux-x86_64-debian-gcc, r-devel-linux-x86_64-fedora-clang, r-devel-linux-x86_64-fedora-gcc, r-devel-windows-x86_64, r-patched-linux-x86_64, r-release-linux-x86_64, r-release-macos-arm64, r-release-macos-x86_64, r-release-windows-x86_64, r-oldrel-macos-arm64, r-oldrel-macos-x86_64, r-oldrel-windows-ix86+x86_64