Last updated on 2022-08-15 08:49:57 CEST.
Flavor | Version | Tinstall | Tcheck | Ttotal | Status | Flags |
---|---|---|---|---|---|---|
r-devel-linux-x86_64-debian-clang | 1.1 | 2.82 | 21.59 | 24.41 | NOTE | |
r-devel-linux-x86_64-debian-gcc | 1.1 | 2.44 | 16.51 | 18.95 | NOTE | |
r-devel-linux-x86_64-fedora-clang | 1.1 | 41.31 | NOTE | |||
r-devel-linux-x86_64-fedora-gcc | 1.1 | 39.45 | NOTE | |||
r-devel-windows-x86_64 | 1.1 | 15.00 | 46.00 | 61.00 | NOTE | |
r-patched-linux-x86_64 | 1.1 | 3.05 | 20.88 | 23.93 | NOTE | |
r-release-linux-x86_64 | 1.1 | 3.09 | 21.51 | 24.60 | NOTE | |
r-release-macos-arm64 | 1.1 | 16.00 | NOTE | |||
r-release-macos-x86_64 | 1.1 | 21.00 | NOTE | |||
r-release-windows-x86_64 | 1.1 | 8.00 | 46.00 | 54.00 | NOTE | |
r-oldrel-macos-arm64 | 1.1 | 22.00 | NOTE | |||
r-oldrel-macos-x86_64 | 1.1 | 26.00 | NOTE | |||
r-oldrel-windows-ix86+x86_64 | 1.1 | 8.00 | 29.00 | 37.00 | NOTE |
Version: 1.1
Check: DESCRIPTION meta-information
Result: NOTE
Malformed Description field: should contain one or more complete sentences.
Flavors: r-devel-linux-x86_64-debian-clang, r-devel-linux-x86_64-debian-gcc, r-devel-linux-x86_64-fedora-clang, r-devel-linux-x86_64-fedora-gcc, r-devel-windows-x86_64, r-patched-linux-x86_64, r-release-linux-x86_64, r-release-macos-arm64, r-release-macos-x86_64, r-release-windows-x86_64, r-oldrel-macos-arm64, r-oldrel-macos-x86_64, r-oldrel-windows-ix86+x86_64
Version: 1.1
Check: compiled code
Result: NOTE
File ‘globalOptTests/libs/globalOptTests.so’:
Found no calls to: ‘R_registerRoutines’, ‘R_useDynamicSymbols’
It is good practice to register native routines and to disable symbol
search.
See ‘Writing portable packages’ in the ‘Writing R Extensions’ manual.
Flavors: r-devel-linux-x86_64-fedora-clang, r-devel-linux-x86_64-fedora-gcc