Last updated on 2022-08-15 08:49:57 CEST.
Flavor | Version | Tinstall | Tcheck | Ttotal | Status | Flags |
---|---|---|---|---|---|---|
r-devel-linux-x86_64-debian-clang | 2.18.1.1 | 4.03 | 34.16 | 38.19 | OK | |
r-devel-linux-x86_64-debian-gcc | 2.18.1.1 | 2.86 | 26.44 | 29.30 | OK | |
r-devel-linux-x86_64-fedora-clang | 2.18.1.1 | 56.95 | NOTE | |||
r-devel-linux-x86_64-fedora-gcc | 2.18.1.1 | 53.35 | OK | |||
r-devel-windows-x86_64 | 2.18.1.1 | 16.00 | 60.00 | 76.00 | OK | |
r-patched-linux-x86_64 | 2.18.1.1 | 3.54 | 32.97 | 36.51 | OK | |
r-release-linux-x86_64 | 2.18.1.1 | 3.84 | 33.81 | 37.65 | OK | |
r-release-macos-arm64 | 2.18.1.1 | 26.00 | OK | |||
r-release-macos-x86_64 | 2.18.1.1 | 28.00 | OK | |||
r-release-windows-x86_64 | 2.18.1.1 | 11.00 | 57.00 | 68.00 | OK | |
r-oldrel-macos-arm64 | 2.18.1.1 | 25.00 | OK | |||
r-oldrel-macos-x86_64 | 2.18.1.1 | 29.00 | OK | |||
r-oldrel-windows-ix86+x86_64 | 2.18.1.1 | 7.00 | 53.00 | 60.00 | OK |
Version: 2.18.1.1
Check: Rd cross-references
Result: NOTE
Undeclared package ‘rms’ in Rd xrefs
Flavor: r-devel-linux-x86_64-fedora-clang