Last updated on 2022-08-15 08:49:57 CEST.
Flavor | Version | Tinstall | Tcheck | Ttotal | Status | Flags |
---|---|---|---|---|---|---|
r-devel-linux-x86_64-debian-clang | 0.4.0 | 7.96 | 73.78 | 81.74 | NOTE | |
r-devel-linux-x86_64-debian-gcc | 0.4.0 | 6.21 | 55.03 | 61.24 | NOTE | |
r-devel-linux-x86_64-fedora-clang | 0.4.0 | 106.83 | NOTE | |||
r-devel-linux-x86_64-fedora-gcc | 0.4.0 | 102.81 | NOTE | |||
r-devel-windows-x86_64 | 0.4.0 | 31.00 | 98.00 | 129.00 | NOTE | |
r-patched-linux-x86_64 | 0.4.0 | 8.49 | 70.25 | 78.74 | OK | |
r-release-linux-x86_64 | 0.4.0 | 5.51 | 70.27 | 75.78 | OK | |
r-release-macos-arm64 | 0.4.0 | 30.00 | OK | |||
r-release-macos-x86_64 | 0.4.0 | 48.00 | OK | |||
r-release-windows-x86_64 | 0.4.0 | 55.00 | 95.00 | 150.00 | OK | |
r-oldrel-macos-arm64 | 0.4.0 | 37.00 | OK | |||
r-oldrel-macos-x86_64 | 0.4.0 | 49.00 | OK | |||
r-oldrel-windows-ix86+x86_64 | 0.4.0 | 19.00 | 93.00 | 112.00 | OK |
Version: 0.4.0
Check: Rd files
Result: NOTE
checkRd: (-1) replace_in_file.Rd:40: Escaped LaTeX specials: \#
Flavors: r-devel-linux-x86_64-debian-clang, r-devel-linux-x86_64-debian-gcc, r-devel-linux-x86_64-fedora-clang, r-devel-linux-x86_64-fedora-gcc, r-devel-windows-x86_64