Last updated on 2022-08-15 08:49:57 CEST.
Flavor | Version | Tinstall | Tcheck | Ttotal | Status | Flags |
---|---|---|---|---|---|---|
r-devel-linux-x86_64-debian-clang | 2.0.4 | 16.05 | 354.27 | 370.32 | NOTE | |
r-devel-linux-x86_64-debian-gcc | 2.0.4 | 12.21 | 254.79 | 267.00 | NOTE | |
r-devel-linux-x86_64-fedora-clang | 2.0.4 | 425.97 | NOTE | |||
r-devel-linux-x86_64-fedora-gcc | 2.0.4 | 468.90 | NOTE | |||
r-devel-windows-x86_64 | 2.0.4 | 118.00 | 364.00 | 482.00 | OK | |
r-patched-linux-x86_64 | 2.0.4 | 19.38 | 312.85 | 332.23 | OK | |
r-release-linux-x86_64 | 2.0.4 | 15.04 | 315.10 | 330.14 | OK | |
r-release-macos-arm64 | 2.0.4 | 109.00 | OK | |||
r-release-macos-x86_64 | 2.0.4 | 144.00 | OK | |||
r-release-windows-x86_64 | 2.0.4 | 20.00 | 376.00 | 396.00 | OK | |
r-oldrel-macos-arm64 | 2.0.4 | 103.00 | OK | |||
r-oldrel-macos-x86_64 | 2.0.4 | 136.00 | OK | |||
r-oldrel-windows-ix86+x86_64 | 2.0.4 | 23.00 | 387.00 | 410.00 | OK |
Version: 2.0.4
Check: HTML version of manual
Result: NOTE
Found the following HTML validation problems:
cond_moments.html:277:38: Warning: nested emphasis <code>
cond_moments.html:282:38: Warning: nested emphasis <code>
cond_moments.html:288:38: Warning: nested emphasis <code>
cond_moments.html:293:38: Warning: nested emphasis <code>
cond_moments.html:298:38: Warning: nested emphasis <code>
loglikelihood_int.html:292:38: Warning: nested emphasis <code>
loglikelihood_int.html:296:38: Warning: nested emphasis <code>
loglikelihood_int.html:301:38: Warning: nested emphasis <code>
loglikelihood_int.html:305:38: Warning: nested emphasis <code>
loglikelihood_int.html:310:38: Warning: nested emphasis <code>
loglikelihood_int.html:315:38: Warning: nested emphasis <code>
loglikelihood_int.html:321:38: Warning: nested emphasis <code>
loglikelihood_int.html:326:38: Warning: nested emphasis <code>
loglikelihood_int.html:331:38: Warning: nested emphasis <code>
loglikelihood_int.html:337:38: Warning: nested emphasis <code>
Flavors: r-devel-linux-x86_64-debian-clang, r-devel-linux-x86_64-debian-gcc, r-devel-linux-x86_64-fedora-clang, r-devel-linux-x86_64-fedora-gcc