Last updated on 2022-08-15 08:49:57 CEST.
Flavor | Version | Tinstall | Tcheck | Ttotal | Status | Flags |
---|---|---|---|---|---|---|
r-devel-linux-x86_64-debian-clang | 1.1.1 | 12.20 | 59.72 | 71.92 | NOTE | |
r-devel-linux-x86_64-debian-gcc | 1.1.1 | 10.69 | 44.37 | 55.06 | NOTE | |
r-devel-linux-x86_64-fedora-clang | 1.1.1 | 98.57 | NOTE | |||
r-devel-linux-x86_64-fedora-gcc | 1.1.1 | 95.45 | NOTE | |||
r-devel-windows-x86_64 | 1.1.1 | 21.00 | 79.00 | 100.00 | NOTE | |
r-patched-linux-x86_64 | 1.1.1 | 15.16 | 57.45 | 72.61 | NOTE | |
r-release-linux-x86_64 | 1.1.1 | 13.28 | 58.56 | 71.84 | NOTE | |
r-release-macos-arm64 | 1.1.1 | 26.00 | NOTE | |||
r-release-macos-x86_64 | 1.1.1 | 36.00 | NOTE | |||
r-release-windows-x86_64 | 1.1.1 | 20.00 | 78.00 | 98.00 | NOTE | |
r-oldrel-macos-arm64 | 1.1.1 | 33.00 | NOTE | |||
r-oldrel-macos-x86_64 | 1.1.1 | 48.00 | NOTE | |||
r-oldrel-windows-ix86+x86_64 | 1.1.1 | 23.00 | 82.00 | 105.00 | NOTE |
Version: 1.1.1
Check: package subdirectories
Result: NOTE
Problems with news in 'NEWS.md':
No news entries found.
Flavors: r-devel-linux-x86_64-debian-clang, r-devel-linux-x86_64-debian-gcc, r-devel-linux-x86_64-fedora-clang, r-devel-linux-x86_64-fedora-gcc, r-devel-windows-x86_64
Version: 1.1.1
Check: LazyData
Result: NOTE
'LazyData' is specified without a 'data' directory
Flavors: r-devel-linux-x86_64-debian-clang, r-devel-linux-x86_64-debian-gcc, r-devel-linux-x86_64-fedora-clang, r-devel-linux-x86_64-fedora-gcc, r-devel-windows-x86_64, r-patched-linux-x86_64, r-release-linux-x86_64, r-release-macos-arm64, r-release-macos-x86_64, r-release-windows-x86_64, r-oldrel-macos-arm64, r-oldrel-macos-x86_64, r-oldrel-windows-ix86+x86_64
Version: 1.1.1
Check: Rd cross-references
Result: NOTE
Undeclared package ‘repeated’ in Rd xrefs
Flavor: r-devel-linux-x86_64-fedora-clang