Last updated on 2022-08-15 08:49:57 CEST.
Flavor | Version | Tinstall | Tcheck | Ttotal | Status | Flags |
---|---|---|---|---|---|---|
r-devel-linux-x86_64-debian-clang | 0.7-8 | 2.36 | 31.70 | 34.06 | OK | |
r-devel-linux-x86_64-debian-gcc | 0.7-8 | 2.35 | 24.44 | 26.79 | OK | |
r-devel-linux-x86_64-fedora-clang | 0.7-8 | 52.87 | NOTE | |||
r-devel-linux-x86_64-fedora-gcc | 0.7-8 | 50.85 | OK | |||
r-devel-windows-x86_64 | 0.7-8 | 10.00 | 56.00 | 66.00 | OK | |
r-patched-linux-x86_64 | 0.7-8 | 2.27 | 30.86 | 33.13 | OK | |
r-release-linux-x86_64 | 0.7-8 | 2.50 | 31.04 | 33.54 | OK | |
r-release-macos-arm64 | 0.7-8 | 17.00 | OK | |||
r-release-macos-x86_64 | 0.7-8 | 25.00 | OK | |||
r-release-windows-x86_64 | 0.7-8 | 9.00 | 54.00 | 63.00 | OK | |
r-oldrel-macos-arm64 | 0.7-8 | 21.00 | OK | |||
r-oldrel-macos-x86_64 | 0.7-8 | 30.00 | OK | |||
r-oldrel-windows-ix86+x86_64 | 0.7-8 | 7.00 | 47.00 | 54.00 | OK |
Version: 0.7-8
Check: Rd cross-references
Result: NOTE
Undeclared package ‘gdata’ in Rd xrefs
Flavor: r-devel-linux-x86_64-fedora-clang