Last updated on 2022-08-15 08:49:57 CEST.
Flavor | Version | Tinstall | Tcheck | Ttotal | Status | Flags |
---|---|---|---|---|---|---|
r-devel-linux-x86_64-debian-clang | 0.1.0 | 44.23 | 132.27 | 176.50 | NOTE | |
r-devel-linux-x86_64-debian-gcc | 0.1.0 | 33.51 | 98.99 | 132.50 | NOTE | |
r-devel-linux-x86_64-fedora-clang | 0.1.0 | 225.99 | NOTE | |||
r-devel-linux-x86_64-fedora-gcc | 0.1.0 | 229.49 | NOTE | |||
r-devel-windows-x86_64 | 0.1.0 | 38.00 | 174.00 | 212.00 | OK | |
r-patched-linux-x86_64 | 0.1.0 | 36.86 | 128.24 | 165.10 | OK | |
r-release-linux-x86_64 | 0.1.0 | 35.01 | 129.91 | 164.92 | OK | |
r-release-macos-arm64 | 0.1.0 | 59.00 | NOTE | |||
r-release-macos-x86_64 | 0.1.0 | 114.00 | NOTE | |||
r-release-windows-x86_64 | 0.1.0 | 45.00 | 176.00 | 221.00 | OK | |
r-oldrel-macos-arm64 | 0.1.0 | 74.00 | NOTE | |||
r-oldrel-macos-x86_64 | 0.1.0 | 90.00 | NOTE | |||
r-oldrel-windows-ix86+x86_64 | 0.1.0 | 98.00 | 236.00 | 334.00 | OK |
Version: 0.1.0
Check: HTML version of manual
Result: NOTE
Found the following math rendering problems:
flm_stat.Rd:51-54: Unexpected end of input in a macro argument, expected '}' in ...mathrm{tr}(\hat\mathbf{E}_q' \mathbf{...
flm_stat.Rd:57: Unexpected end of input in a macro argument, expected '}' in \hat\mathbf{E}_q
Flavors: r-devel-linux-x86_64-debian-clang, r-devel-linux-x86_64-debian-gcc, r-devel-linux-x86_64-fedora-clang, r-devel-linux-x86_64-fedora-gcc
Version: 0.1.0
Check: data for non-ASCII characters
Result: NOTE
Note: found 1352 marked UTF-8 strings
Flavors: r-devel-linux-x86_64-fedora-clang, r-devel-linux-x86_64-fedora-gcc, r-release-macos-arm64, r-release-macos-x86_64, r-oldrel-macos-arm64, r-oldrel-macos-x86_64