Last updated on 2022-08-15 08:49:57 CEST.
Flavor | Version | Tinstall | Tcheck | Ttotal | Status | Flags |
---|---|---|---|---|---|---|
r-devel-linux-x86_64-debian-clang | 0.7-5 | 17.99 | 103.22 | 121.21 | NOTE | |
r-devel-linux-x86_64-debian-gcc | 0.7-5 | 12.85 | 79.50 | 92.35 | NOTE | |
r-devel-linux-x86_64-fedora-clang | 0.7-5 | 156.34 | NOTE | |||
r-devel-linux-x86_64-fedora-gcc | 0.7-5 | 152.14 | NOTE | |||
r-devel-windows-x86_64 | 0.7-5 | 41.00 | 125.00 | 166.00 | NOTE | |
r-patched-linux-x86_64 | 0.7-5 | 14.26 | 99.65 | 113.91 | OK | |
r-release-linux-x86_64 | 0.7-5 | 19.44 | 100.18 | 119.62 | OK | |
r-release-macos-arm64 | 0.7-5 | 31.00 | OK | |||
r-release-macos-x86_64 | 0.7-5 | 43.00 | OK | |||
r-release-windows-x86_64 | 0.7-5 | 31.00 | 121.00 | 152.00 | OK | |
r-oldrel-macos-arm64 | 0.7-5 | 29.00 | OK | |||
r-oldrel-macos-x86_64 | 0.7-5 | 39.00 | OK | |||
r-oldrel-windows-ix86+x86_64 | 0.7-5 | 36.00 | 118.00 | 154.00 | OK |
Version: 0.7-5
Check: Rd files
Result: NOTE
checkRd: (-1) BVDWSTOXX.Rd:14: Escaped LaTeX specials: \&
checkRd: (-1) BVDWSTOXX.Rd:15: Escaped LaTeX specials: \&
checkRd: (-1) BVDWSTOXX.Rd:16: Escaped LaTeX specials: \& \&
checkRd: (-1) BVDWSTOXX.Rd:26: Escaped LaTeX specials: \&
checkRd: (-1) BVDWSTOXX.Rd:31: Escaped LaTeX specials: \&
checkRd: (-1) BVDWSTOXX.Rd:34: Escaped LaTeX specials: \&
checkRd: (-1) BVDWSTOXX.Rd:37: Escaped LaTeX specials: \&
Flavors: r-devel-linux-x86_64-debian-clang, r-devel-linux-x86_64-debian-gcc, r-devel-linux-x86_64-fedora-clang, r-devel-linux-x86_64-fedora-gcc, r-devel-windows-x86_64
Version: 0.7-5
Check: Rd cross-references
Result: NOTE
Undeclared package ‘fBasics’ in Rd xrefs
Flavor: r-devel-linux-x86_64-fedora-clang